{"id":10228,"date":"2025-06-26T10:12:18","date_gmt":"2025-06-26T08:12:18","guid":{"rendered":"https:\/\/nouvelleaquitaine-handball.org\/?page_id=10228"},"modified":"2025-06-26T10:14:26","modified_gmt":"2025-06-26T08:14:26","slug":"article-finales-regionales-15","status":"publish","type":"page","link":"https:\/\/nouvelleaquitaine-handball.org\/index.php\/article-finales-regionales-15\/","title":{"rendered":"Article &#8211; Finales R\u00e9gionales -15"},"content":{"rendered":"\t\t<div data-elementor-type=\"wp-page\" data-elementor-id=\"10228\" class=\"elementor elementor-10228\" data-elementor-post-type=\"page\">\n\t\t\t\t<div class=\"elementor-element elementor-element-146bf36 e-flex e-con-boxed e-con e-parent\" data-id=\"146bf36\" data-element_type=\"container\" data-e-type=\"container\" data-settings=\"{&quot;_ob_use_container_extras&quot;:&quot;no&quot;,&quot;_ob_column_hoveranimator&quot;:&quot;no&quot;,&quot;_ob_glider_is_slider&quot;:&quot;no&quot;,&quot;_ob_column_has_pseudo&quot;:&quot;no&quot;}\">\n\t\t\t\t\t<div class=\"e-con-inner\">\n\t\t<div class=\"elementor-element elementor-element-58c0048 e-con-full e-flex e-con e-child\" data-id=\"58c0048\" data-element_type=\"container\" data-e-type=\"container\" data-settings=\"{&quot;_ob_use_container_extras&quot;:&quot;no&quot;,&quot;_ob_column_hoveranimator&quot;:&quot;no&quot;,&quot;_ob_glider_is_slider&quot;:&quot;no&quot;,&quot;_ob_column_has_pseudo&quot;:&quot;no&quot;}\">\n\t\t<div class=\"elementor-element elementor-element-d6a1130 e-con-full e-flex e-con e-child\" data-id=\"d6a1130\" data-element_type=\"container\" data-e-type=\"container\" data-settings=\"{&quot;_ob_use_container_extras&quot;:&quot;no&quot;,&quot;_ob_column_hoveranimator&quot;:&quot;no&quot;,&quot;_ob_glider_is_slider&quot;:&quot;no&quot;,&quot;_ob_column_has_pseudo&quot;:&quot;no&quot;}\">\n\t\t\t\t<div class=\"elementor-element elementor-element-f8bc14e ob-has-background-overlay elementor-widget elementor-widget-spacer\" data-id=\"f8bc14e\" data-element_type=\"widget\" data-e-type=\"widget\" data-settings=\"{&quot;_ob_spacerat_use&quot;:&quot;no&quot;,&quot;_ob_widget_stalker_use&quot;:&quot;no&quot;,&quot;_ob_poopart_use&quot;:&quot;yes&quot;,&quot;_ob_shadough_use&quot;:&quot;no&quot;,&quot;_ob_allow_hoveranimator&quot;:&quot;no&quot;}\" data-widget_type=\"spacer.default\">\n\t\t\t\t<div class=\"elementor-widget-container\">\n\t\t\t\t\t\t\t<div class=\"elementor-spacer\">\n\t\t\t<div class=\"elementor-spacer-inner\"><\/div>\n\t\t<\/div>\n\t\t\t\t\t\t<\/div>\n\t\t\t\t<\/div>\n\t\t\t\t<div class=\"elementor-element elementor-element-cb3463c ob-harakiri-inherit ob-has-background-overlay elementor-widget elementor-widget-heading\" data-id=\"cb3463c\" data-element_type=\"widget\" data-e-type=\"widget\" data-settings=\"{&quot;_ob_use_harakiri&quot;:&quot;yes&quot;,&quot;_ob_harakiri_writing_mode&quot;:&quot;inherit&quot;,&quot;_ob_harakiri_text_clip&quot;:&quot;none&quot;,&quot;_ob_widget_stalker_use&quot;:&quot;no&quot;,&quot;_ob_poopart_use&quot;:&quot;yes&quot;,&quot;_ob_shadough_use&quot;:&quot;no&quot;,&quot;_ob_allow_hoveranimator&quot;:&quot;no&quot;}\" data-widget_type=\"heading.default\">\n\t\t\t\t<div class=\"elementor-widget-container\">\n\t\t\t\t\t<h2 class=\"elementor-heading-title elementor-size-default\"><p data-start=\"0\" data-end=\"79\"><strong data-start=\"0\" data-end=\"79\">FINALES REGIONALES -15 \u00c0 OLORON-SAINTE-MARIE : BILL\u00e8RE ET ANGOULEME AU SOMMET !<\/strong><\/p><\/h2>\t\t\t\t<\/div>\n\t\t\t\t<\/div>\n\t\t\t\t<div class=\"elementor-element elementor-element-f85ca19 elementor-widget-divider--view-line ob-has-background-overlay elementor-widget elementor-widget-divider\" data-id=\"f85ca19\" data-element_type=\"widget\" data-e-type=\"widget\" data-settings=\"{&quot;_ob_widget_stalker_use&quot;:&quot;no&quot;,&quot;_ob_poopart_use&quot;:&quot;yes&quot;,&quot;_ob_shadough_use&quot;:&quot;no&quot;,&quot;_ob_allow_hoveranimator&quot;:&quot;no&quot;}\" data-widget_type=\"divider.default\">\n\t\t\t\t<div class=\"elementor-widget-container\">\n\t\t\t\t\t\t\t<div class=\"elementor-divider\">\n\t\t\t<span class=\"elementor-divider-separator\">\n\t\t\t\t\t\t<\/span>\n\t\t<\/div>\n\t\t\t\t\t\t<\/div>\n\t\t\t\t<\/div>\n\t\t\t\t<div class=\"elementor-element elementor-element-1994865 ob-harakiri-inherit ob-has-background-overlay elementor-widget elementor-widget-text-editor\" data-id=\"1994865\" data-element_type=\"widget\" data-e-type=\"widget\" data-settings=\"{&quot;_ob_use_harakiri&quot;:&quot;yes&quot;,&quot;_ob_harakiri_writing_mode&quot;:&quot;inherit&quot;,&quot;_ob_postman_use&quot;:&quot;no&quot;,&quot;_ob_widget_stalker_use&quot;:&quot;no&quot;,&quot;_ob_poopart_use&quot;:&quot;yes&quot;,&quot;_ob_shadough_use&quot;:&quot;no&quot;,&quot;_ob_allow_hoveranimator&quot;:&quot;no&quot;}\" data-widget_type=\"text-editor.default\">\n\t\t\t\t<div class=\"elementor-widget-container\">\n\t\t\t\t\t\t\t\t\t<p data-start=\"88\" data-end=\"274\">Ce dimanche 22 juin 2025, la ville d\u2019Oloron-Sainte-Marie a accueilli les Finales R\u00e9gionales -15 ans, un rendez-vous majeur pour les jeunes talents du handball n\u00e9o-aquitain.<\/p><p data-start=\"276\" data-end=\"504\">Dans une ambiance \u00e0 la fois conviviale et comp\u00e9titive, 12 \u00e9quipes venues de toute la r\u00e9gion se sont affront\u00e9es tout au long de la journ\u00e9e pour d\u00e9crocher les titres de champion r\u00e9gional, dans un format concentr\u00e9 mais intense.<\/p><p data-start=\"511\" data-end=\"567\"><strong>Les clubs pr\u00e9sents : un beau panel du territoire<\/strong><\/p><p data-start=\"569\" data-end=\"614\">C\u00f4t\u00e9 f\u00e9minin, ce sont les formations de :<\/p><ul data-start=\"615\" data-end=\"728\"><li data-start=\"615\" data-end=\"638\"><p data-start=\"617\" data-end=\"638\">L\u00e8ge-Cap Ferret<\/p><\/li><li data-start=\"615\" data-end=\"638\"><p data-start=\"617\" data-end=\"638\">Tardets<\/p><\/li><li data-start=\"655\" data-end=\"670\"><p data-start=\"657\" data-end=\"670\">Limoges<\/p><\/li><li data-start=\"671\" data-end=\"688\"><p data-start=\"673\" data-end=\"688\">Angoul\u00eame<\/p><\/li><li data-start=\"689\" data-end=\"711\"><p data-start=\"691\" data-end=\"711\">Grand Poitiers<\/p><\/li><li data-start=\"712\" data-end=\"728\"><p data-start=\"714\" data-end=\"728\">Marmande<\/p><\/li><\/ul><p data-start=\"730\" data-end=\"765\">C\u00f4t\u00e9 masculin, les \u00e9quipes de :<\/p><ul data-start=\"766\" data-end=\"920\"><li data-start=\"766\" data-end=\"790\"><p data-start=\"768\" data-end=\"790\">Bill\u00e8re Handball<\/p><\/li><li data-start=\"791\" data-end=\"805\"><p data-start=\"793\" data-end=\"805\">Bruges<\/p><\/li><li data-start=\"806\" data-end=\"826\"><p data-start=\"808\" data-end=\"826\">Champcevinel<\/p><\/li><li data-start=\"827\" data-end=\"854\"><p data-start=\"829\" data-end=\"854\">Entente Niort Agglo<\/p><\/li><li data-start=\"855\" data-end=\"879\"><p data-start=\"857\" data-end=\"879\">Surg\u00e8res Cour\u00e7on<\/p><\/li><li data-start=\"880\" data-end=\"920\"><p data-start=\"882\" data-end=\"920\">ABC Handball (Aix-Bosmie-Condat)<\/p><\/li><\/ul><p data-start=\"1038\" data-end=\"1086\"><strong>Des vainqueurs mais surtout des battants<\/strong><\/p><p data-start=\"1088\" data-end=\"1406\">Apr\u00e8s des matchs accroch\u00e9s et spectaculaires, ce sont les \u00e9quipes d\u2019Angoul\u00eame chez les filles et de Bill\u00e8re chez les gar\u00e7ons qui sont reparties victorieuses de cette \u00e9dition. Deux formations solides qui ont su faire la diff\u00e9rence au bon moment, dans un contexte relev\u00e9 et sous le regard d\u2019un public fid\u00e8le.<\/p><p data-start=\"1408\" data-end=\"1552\">Mais au-del\u00e0 des r\u00e9sultats, c\u2019est l\u2019engagement de toutes les \u00e9quipes, leur \u00e9tat d\u2019esprit et leur niveau de jeu qui ont marqu\u00e9 cette journ\u00e9e.<\/p><p data-start=\"1559\" data-end=\"1614\"><strong>Merci \u00e0 tous les acteurs de cette belle journ\u00e9e<\/strong><\/p><p data-start=\"1616\" data-end=\"1695\">La Ligue Nouvelle-Aquitaine de Handball tient \u00e0 remercier chaleureusement :<\/p><ul data-start=\"1696\" data-end=\"1973\"><li data-start=\"1696\" data-end=\"1772\"><p data-start=\"1698\" data-end=\"1772\">Le club d\u2019Oloron-Sainte-Marie, pour son accueil et son investissement,<\/p><\/li><li data-start=\"1773\" data-end=\"1855\"><p data-start=\"1775\" data-end=\"1855\">Tous les b\u00e9n\u00e9voles, qui ont \u0153uvr\u00e9 en coulisses avec rigueur et enthousiasme,<\/p><\/li><li data-start=\"1856\" data-end=\"1973\"><p data-start=\"1858\" data-end=\"1973\">Et bien s\u00fbr les arbitres, jeunes et confirm\u00e9s, pour la qualit\u00e9 de leur encadrement tout au long des rencontres.<\/p><\/li><\/ul><p data-start=\"1980\" data-end=\"2037\"><strong>Une g\u00e9n\u00e9ration prometteuse et un avenir inspirant<\/strong><\/p><p data-start=\"2039\" data-end=\"2299\">Ces Finales -15 sont avant tout un tremplin pour la suite du parcours de ces jeunes joueuses et joueurs. La Ligue se r\u00e9jouit de constater une telle \u00e9nergie et une telle passion sur les terrains, preuve que la rel\u00e8ve est bien pr\u00e9sente en Nouvelle-Aquitaine.<\/p><p data-start=\"2301\" data-end=\"2449\">Rendez-vous l\u2019an prochain pour une nouvelle \u00e9dition encore plus prometteuse, toujours au service du d\u00e9veloppement du handball jeune r\u00e9gional.<\/p>\t\t\t\t\t\t\t\t<\/div>\n\t\t\t\t<\/div>\n\t\t\t\t<\/div>\n\t\t\t\t<\/div>\n\t\t\t\t\t<\/div>\n\t\t\t\t<\/div>\n\t\t\t\t<\/div>\n\t\t","protected":false},"excerpt":{"rendered":"<p>FINALES REGIONALES -15 \u00c0 OLORON-SAINTE-MARIE : BILL\u00e8RE ET ANGOULEME AU SOMMET ! [&hellip;]<\/p>\n","protected":false},"author":2,"featured_media":0,"parent":0,"menu_order":0,"comment_status":"closed","ping_status":"closed","template":"","meta":{"footnotes":""},"class_list":["post-10228","page","type-page","status-publish","hentry"],"yoast_head":"<!-- This site is optimized with the Yoast SEO plugin v27.4 - https:\/\/yoast.com\/product\/yoast-seo-wordpress\/ -->\n<title>Article - Finales R\u00e9gionales -15 - LIGUE NOUVELLE AQUITAINE<\/title>\n<meta name=\"robots\" content=\"index, follow, max-snippet:-1, max-image-preview:large, max-video-preview:-1\" \/>\n<link rel=\"canonical\" href=\"https:\/\/nouvelleaquitaine-handball.org\/index.php\/article-finales-regionales-15\/\" \/>\n<meta property=\"og:locale\" content=\"fr_FR\" \/>\n<meta property=\"og:type\" content=\"article\" \/>\n<meta property=\"og:title\" content=\"Article - Finales R\u00e9gionales -15 - LIGUE NOUVELLE AQUITAINE\" \/>\n<meta property=\"og:description\" content=\"FINALES REGIONALES -15 \u00c0 OLORON-SAINTE-MARIE : BILL\u00e8RE ET ANGOULEME AU SOMMET ! [&hellip;]\" \/>\n<meta property=\"og:url\" content=\"https:\/\/nouvelleaquitaine-handball.org\/index.php\/article-finales-regionales-15\/\" \/>\n<meta property=\"og:site_name\" content=\"LIGUE NOUVELLE AQUITAINE\" \/>\n<meta property=\"article:modified_time\" content=\"2025-06-26T08:14:26+00:00\" \/>\n<meta name=\"twitter:card\" content=\"summary_large_image\" \/>\n<meta name=\"twitter:label1\" content=\"Dur\u00e9e de lecture estim\u00e9e\" \/>\n\t<meta name=\"twitter:data1\" content=\"2 minutes\" \/>\n<script type=\"application\/ld+json\" class=\"yoast-schema-graph\">{\"@context\":\"https:\\\/\\\/schema.org\",\"@graph\":[{\"@type\":\"WebPage\",\"@id\":\"https:\\\/\\\/nouvelleaquitaine-handball.org\\\/index.php\\\/article-finales-regionales-15\\\/\",\"url\":\"https:\\\/\\\/nouvelleaquitaine-handball.org\\\/index.php\\\/article-finales-regionales-15\\\/\",\"name\":\"Article - Finales R\u00e9gionales -15 - LIGUE NOUVELLE AQUITAINE\",\"isPartOf\":{\"@id\":\"https:\\\/\\\/nouvelleaquitaine-handball.org\\\/#website\"},\"datePublished\":\"2025-06-26T08:12:18+00:00\",\"dateModified\":\"2025-06-26T08:14:26+00:00\",\"breadcrumb\":{\"@id\":\"https:\\\/\\\/nouvelleaquitaine-handball.org\\\/index.php\\\/article-finales-regionales-15\\\/#breadcrumb\"},\"inLanguage\":\"fr-FR\",\"potentialAction\":[{\"@type\":\"ReadAction\",\"target\":[\"https:\\\/\\\/nouvelleaquitaine-handball.org\\\/index.php\\\/article-finales-regionales-15\\\/\"]}]},{\"@type\":\"BreadcrumbList\",\"@id\":\"https:\\\/\\\/nouvelleaquitaine-handball.org\\\/index.php\\\/article-finales-regionales-15\\\/#breadcrumb\",\"itemListElement\":[{\"@type\":\"ListItem\",\"position\":1,\"name\":\"Accueil\",\"item\":\"https:\\\/\\\/nouvelleaquitaine-handball.org\\\/\"},{\"@type\":\"ListItem\",\"position\":2,\"name\":\"Article &#8211; Finales R\u00e9gionales -15\"}]},{\"@type\":\"WebSite\",\"@id\":\"https:\\\/\\\/nouvelleaquitaine-handball.org\\\/#website\",\"url\":\"https:\\\/\\\/nouvelleaquitaine-handball.org\\\/\",\"name\":\"LIGUE NOUVELLE AQUITAINE\",\"description\":\"FFHANDBALL\",\"potentialAction\":[{\"@type\":\"SearchAction\",\"target\":{\"@type\":\"EntryPoint\",\"urlTemplate\":\"https:\\\/\\\/nouvelleaquitaine-handball.org\\\/?s={search_term_string}\"},\"query-input\":{\"@type\":\"PropertyValueSpecification\",\"valueRequired\":true,\"valueName\":\"search_term_string\"}}],\"inLanguage\":\"fr-FR\"}]}<\/script>\n<!-- \/ Yoast SEO plugin. -->","yoast_head_json":{"title":"Article - Finales R\u00e9gionales -15 - LIGUE NOUVELLE AQUITAINE","robots":{"index":"index","follow":"follow","max-snippet":"max-snippet:-1","max-image-preview":"max-image-preview:large","max-video-preview":"max-video-preview:-1"},"canonical":"https:\/\/nouvelleaquitaine-handball.org\/index.php\/article-finales-regionales-15\/","og_locale":"fr_FR","og_type":"article","og_title":"Article - Finales R\u00e9gionales -15 - LIGUE NOUVELLE AQUITAINE","og_description":"FINALES REGIONALES -15 \u00c0 OLORON-SAINTE-MARIE : BILL\u00e8RE ET ANGOULEME AU SOMMET ! [&hellip;]","og_url":"https:\/\/nouvelleaquitaine-handball.org\/index.php\/article-finales-regionales-15\/","og_site_name":"LIGUE NOUVELLE AQUITAINE","article_modified_time":"2025-06-26T08:14:26+00:00","twitter_card":"summary_large_image","twitter_misc":{"Dur\u00e9e de lecture estim\u00e9e":"2 minutes"},"schema":{"@context":"https:\/\/schema.org","@graph":[{"@type":"WebPage","@id":"https:\/\/nouvelleaquitaine-handball.org\/index.php\/article-finales-regionales-15\/","url":"https:\/\/nouvelleaquitaine-handball.org\/index.php\/article-finales-regionales-15\/","name":"Article - Finales R\u00e9gionales -15 - LIGUE NOUVELLE AQUITAINE","isPartOf":{"@id":"https:\/\/nouvelleaquitaine-handball.org\/#website"},"datePublished":"2025-06-26T08:12:18+00:00","dateModified":"2025-06-26T08:14:26+00:00","breadcrumb":{"@id":"https:\/\/nouvelleaquitaine-handball.org\/index.php\/article-finales-regionales-15\/#breadcrumb"},"inLanguage":"fr-FR","potentialAction":[{"@type":"ReadAction","target":["https:\/\/nouvelleaquitaine-handball.org\/index.php\/article-finales-regionales-15\/"]}]},{"@type":"BreadcrumbList","@id":"https:\/\/nouvelleaquitaine-handball.org\/index.php\/article-finales-regionales-15\/#breadcrumb","itemListElement":[{"@type":"ListItem","position":1,"name":"Accueil","item":"https:\/\/nouvelleaquitaine-handball.org\/"},{"@type":"ListItem","position":2,"name":"Article &#8211; Finales R\u00e9gionales -15"}]},{"@type":"WebSite","@id":"https:\/\/nouvelleaquitaine-handball.org\/#website","url":"https:\/\/nouvelleaquitaine-handball.org\/","name":"LIGUE NOUVELLE AQUITAINE","description":"FFHANDBALL","potentialAction":[{"@type":"SearchAction","target":{"@type":"EntryPoint","urlTemplate":"https:\/\/nouvelleaquitaine-handball.org\/?s={search_term_string}"},"query-input":{"@type":"PropertyValueSpecification","valueRequired":true,"valueName":"search_term_string"}}],"inLanguage":"fr-FR"}]}},"jetpack_sharing_enabled":true,"_links":{"self":[{"href":"https:\/\/nouvelleaquitaine-handball.org\/index.php\/wp-json\/wp\/v2\/pages\/10228","targetHints":{"allow":["GET"]}}],"collection":[{"href":"https:\/\/nouvelleaquitaine-handball.org\/index.php\/wp-json\/wp\/v2\/pages"}],"about":[{"href":"https:\/\/nouvelleaquitaine-handball.org\/index.php\/wp-json\/wp\/v2\/types\/page"}],"author":[{"embeddable":true,"href":"https:\/\/nouvelleaquitaine-handball.org\/index.php\/wp-json\/wp\/v2\/users\/2"}],"replies":[{"embeddable":true,"href":"https:\/\/nouvelleaquitaine-handball.org\/index.php\/wp-json\/wp\/v2\/comments?post=10228"}],"version-history":[{"count":7,"href":"https:\/\/nouvelleaquitaine-handball.org\/index.php\/wp-json\/wp\/v2\/pages\/10228\/revisions"}],"predecessor-version":[{"id":10237,"href":"https:\/\/nouvelleaquitaine-handball.org\/index.php\/wp-json\/wp\/v2\/pages\/10228\/revisions\/10237"}],"wp:attachment":[{"href":"https:\/\/nouvelleaquitaine-handball.org\/index.php\/wp-json\/wp\/v2\/media?parent=10228"}],"curies":[{"name":"wp","href":"https:\/\/api.w.org\/{rel}","templated":true}]}}