{"id":10931,"date":"2025-10-31T11:51:32","date_gmt":"2025-10-31T10:51:32","guid":{"rendered":"https:\/\/nouvelleaquitaine-handball.org\/?page_id=10931"},"modified":"2025-10-31T11:57:30","modified_gmt":"2025-10-31T10:57:30","slug":"champions-cup-2025-un-record-historique-pour-la-nouvelle-aquitaine","status":"publish","type":"page","link":"https:\/\/nouvelleaquitaine-handball.org\/index.php\/champions-cup-2025-un-record-historique-pour-la-nouvelle-aquitaine\/","title":{"rendered":"Champions Cup 2025 : un record historique pour la Nouvelle Aquitaine"},"content":{"rendered":"\t\t<div data-elementor-type=\"wp-page\" data-elementor-id=\"10931\" class=\"elementor elementor-10931\" data-elementor-post-type=\"page\">\n\t\t\t\t<div class=\"elementor-element elementor-element-ab1d37f e-flex e-con-boxed e-con e-parent\" data-id=\"ab1d37f\" data-element_type=\"container\" data-e-type=\"container\" data-settings=\"{&quot;_ob_use_container_extras&quot;:&quot;no&quot;,&quot;_ob_column_hoveranimator&quot;:&quot;no&quot;,&quot;_ob_glider_is_slider&quot;:&quot;no&quot;,&quot;_ob_column_has_pseudo&quot;:&quot;no&quot;}\">\n\t\t\t\t\t<div class=\"e-con-inner\">\n\t\t<div class=\"elementor-element elementor-element-e802b84 e-con-full e-flex e-con e-child\" data-id=\"e802b84\" data-element_type=\"container\" data-e-type=\"container\" data-settings=\"{&quot;_ob_use_container_extras&quot;:&quot;no&quot;,&quot;_ob_column_hoveranimator&quot;:&quot;no&quot;,&quot;_ob_glider_is_slider&quot;:&quot;no&quot;,&quot;_ob_column_has_pseudo&quot;:&quot;no&quot;}\">\n\t\t<div class=\"elementor-element elementor-element-f3abb4f e-con-full e-flex e-con e-child\" data-id=\"f3abb4f\" data-element_type=\"container\" data-e-type=\"container\" data-settings=\"{&quot;_ob_use_container_extras&quot;:&quot;no&quot;,&quot;_ob_column_hoveranimator&quot;:&quot;no&quot;,&quot;_ob_glider_is_slider&quot;:&quot;no&quot;,&quot;_ob_column_has_pseudo&quot;:&quot;no&quot;}\">\n\t\t<div class=\"elementor-element elementor-element-8884432 e-con-full e-flex e-con e-child\" data-id=\"8884432\" data-element_type=\"container\" data-e-type=\"container\" data-settings=\"{&quot;_ob_use_container_extras&quot;:&quot;no&quot;,&quot;_ob_column_hoveranimator&quot;:&quot;no&quot;,&quot;_ob_glider_is_slider&quot;:&quot;no&quot;,&quot;_ob_column_has_pseudo&quot;:&quot;no&quot;}\">\n\t\t<div class=\"elementor-element elementor-element-1ca18ac e-con-full e-flex e-con e-child\" data-id=\"1ca18ac\" data-element_type=\"container\" data-e-type=\"container\" data-settings=\"{&quot;_ob_use_container_extras&quot;:&quot;no&quot;,&quot;_ob_column_hoveranimator&quot;:&quot;no&quot;,&quot;_ob_glider_is_slider&quot;:&quot;no&quot;,&quot;_ob_column_has_pseudo&quot;:&quot;no&quot;}\">\n\t\t<div class=\"elementor-element elementor-element-3ce90f5 e-con-full e-flex e-con e-child\" data-id=\"3ce90f5\" data-element_type=\"container\" data-e-type=\"container\" data-settings=\"{&quot;_ob_use_container_extras&quot;:&quot;no&quot;,&quot;_ob_column_hoveranimator&quot;:&quot;no&quot;,&quot;_ob_glider_is_slider&quot;:&quot;no&quot;,&quot;_ob_column_has_pseudo&quot;:&quot;no&quot;}\">\n\t\t\t\t<div class=\"elementor-element elementor-element-b7a7952 ob-harakiri-inherit ob-has-background-overlay elementor-widget elementor-widget-heading\" data-id=\"b7a7952\" data-element_type=\"widget\" data-e-type=\"widget\" data-settings=\"{&quot;_ob_use_harakiri&quot;:&quot;yes&quot;,&quot;_ob_harakiri_writing_mode&quot;:&quot;inherit&quot;,&quot;_ob_harakiri_text_clip&quot;:&quot;none&quot;,&quot;_ob_widget_stalker_use&quot;:&quot;no&quot;,&quot;_ob_poopart_use&quot;:&quot;yes&quot;,&quot;_ob_shadough_use&quot;:&quot;no&quot;,&quot;_ob_allow_hoveranimator&quot;:&quot;no&quot;}\" data-widget_type=\"heading.default\">\n\t\t\t\t<div class=\"elementor-widget-container\">\n\t\t\t\t\t<h2 class=\"elementor-heading-title elementor-size-default\"><p data-start=\"0\" data-end=\"79\"><b>CHAMPIONS CUP 2025 : un record historique pour la nouvelle-aquitaine<\/b><\/p><h2><\/h2><p data-start=\"0\" data-end=\"79\"><\/b><span data-ccp-props=\"{&quot;134233117&quot;:false,&quot;134233118&quot;:false,&quot;134245418&quot;:true,&quot;134245529&quot;:true,&quot;335551550&quot;:0,&quot;335551620&quot;:0,&quot;335559738&quot;:299,&quot;335559739&quot;:299}\">&nbsp;<\/span><\/p><\/h2>\t\t\t\t<\/div>\n\t\t\t\t<\/div>\n\t\t\t\t<div class=\"elementor-element elementor-element-a07d9c5 elementor-widget-divider--view-line ob-has-background-overlay elementor-widget elementor-widget-divider\" data-id=\"a07d9c5\" data-element_type=\"widget\" data-e-type=\"widget\" data-settings=\"{&quot;_ob_widget_stalker_use&quot;:&quot;no&quot;,&quot;_ob_poopart_use&quot;:&quot;yes&quot;,&quot;_ob_shadough_use&quot;:&quot;no&quot;,&quot;_ob_allow_hoveranimator&quot;:&quot;no&quot;}\" data-widget_type=\"divider.default\">\n\t\t\t\t<div class=\"elementor-widget-container\">\n\t\t\t\t\t\t\t<div class=\"elementor-divider\">\n\t\t\t<span class=\"elementor-divider-separator\">\n\t\t\t\t\t\t<\/span>\n\t\t<\/div>\n\t\t\t\t\t\t<\/div>\n\t\t\t\t<\/div>\n\t\t\t\t<div class=\"elementor-element elementor-element-847e9d2 ob-harakiri-inherit ob-has-background-overlay elementor-widget elementor-widget-text-editor\" data-id=\"847e9d2\" data-element_type=\"widget\" data-e-type=\"widget\" data-settings=\"{&quot;_ob_use_harakiri&quot;:&quot;yes&quot;,&quot;_ob_harakiri_writing_mode&quot;:&quot;inherit&quot;,&quot;_ob_postman_use&quot;:&quot;no&quot;,&quot;_ob_widget_stalker_use&quot;:&quot;no&quot;,&quot;_ob_poopart_use&quot;:&quot;yes&quot;,&quot;_ob_shadough_use&quot;:&quot;no&quot;,&quot;_ob_allow_hoveranimator&quot;:&quot;no&quot;}\" data-widget_type=\"text-editor.default\">\n\t\t\t\t<div class=\"elementor-widget-container\">\n\t\t\t\t\t\t\t\t\t<p>L\u2019histoire du\u00a0<strong>beach handball n\u00e9o-aquitain<\/strong> s\u2019\u00e9crit sous le soleil de Porto Santo.<br \/>Du\u00a0<strong>16 au 19 octobre 2025<\/strong>, nos deux \u00e9quipes \u2013 f\u00e9minine et masculine \u2013 ont port\u00e9 haut les couleurs de la\u00a0<strong>Ligue Nouvelle-Aquitaine Handball<\/strong>\u00a0lors de la\u00a0<strong>Champions Cup EHF 2025<\/strong>, r\u00e9unissant les meilleures formations europ\u00e9ennes.<br \/>Un moment fort, unique, et surtout\u00a0<strong>historique<\/strong>\u00a0: jamais la Ligue n\u2019avait align\u00e9 deux \u00e9quipes dans cette prestigieuse comp\u00e9tition.<\/p><hr \/><p><span style=\"font-size: 21px;\"><strong>Les filles de la Ligue NA : un parcours exemplaire<\/strong><\/span><\/p><p>Plac\u00e9es dans une\u00a0<strong>poule relev\u00e9e<\/strong>\u00a0(avec\u00a0<em>The Danish Beach handball Dream<\/em>,\u00a0<em>Byczki Kowalewo Pomorskie<\/em>\u00a0et\u00a0<em>London GD<\/em>), nos N\u00e9o-Aquitaines ont rapidement trouv\u00e9 leur rythme.<br \/>Elles s\u2019imposent face aux Polonaises (2\u20130 : 20\u201317, 20\u201315) et signent une victoire renversante face aux Anglaises apr\u00e8s un shoot-out d\u00e9cisif (2\u20131).<br \/>Seule ombre au tableau : une d\u00e9faite face aux Danoises (0\u20132), futures demi-finalistes du tournoi.<\/p><p>Cette combativit\u00e9 leur permet d\u2019acc\u00e9der au <strong>Main Round<\/strong>, puis aux\u00a0<strong>quarts de finale<\/strong>, o\u00f9 elles s\u2019inclinent face \u00e0\u00a0<em>Fundaci\u00f3n Fomento y Deporte CBMP M\u00e1laga<\/em>\u00a0apr\u00e8s un duel intense.<br \/>Mais nos joueuses ne l\u00e2chent rien : elles remportent leurs derniers matchs de classement et terminent <strong>5\u1d49 d\u2019Europe<\/strong>\u00a0\u2014 un r\u00e9sultat exceptionnel.<\/p><p><strong>Elo\u00efse Laborde (104 pts)<\/strong>\u00a0et\u00a0<strong>Aouen Follet (99 pts)<\/strong>\u00a0figurent parmi les meilleures scoreuses du tournoi.<br \/><strong>Pauline Marquezanne<\/strong>\u00a0(gardienne) et\u00a0<strong>Emma Viogne<\/strong>\u00a0(nomm\u00e9e MVP) ont \u00e9galement \u00e9t\u00e9 s\u00e9lectionn\u00e9es pour le vote des\u00a0<strong>All-Star Teams<\/strong>, une reconnaissance europ\u00e9enne du talent n\u00e9o-aquitain.<\/p><hr \/><p><span style=\"font-size: 20px;\">Les gar\u00e7ons : une aventure collective exceptionnelle<\/span><\/p><p>Chez les hommes aussi, la performance est \u00e0 la hauteur de l\u2019\u00e9v\u00e9nement.<br \/>Engag\u00e9s dans un\u00a0<strong>groupe B ultra-comp\u00e9titif<\/strong>\u00a0(avec\u00a0<em>Aarhus Beach<\/em>,\u00a0<em>Fundaci\u00f3n M\u00e1laga<\/em>\u00a0et\u00a0<em>VRT Lemar<\/em>), les N\u00e9o-Aquitains d\u00e9marrent en force :<\/p><ul><li><p>Victoire d\u2019entr\u00e9e contre\u00a0<em>Aarhus Beach<\/em>\u00a0(2\u20130 : 28\u201318, 24\u201322)<\/p><\/li><li><p>Succ\u00e8s confirm\u00e9 face \u00e0\u00a0<em>VRT Lemar<\/em><\/p><\/li><li><p>Un parcours solide en\u00a0<strong>Main Round<\/strong>, o\u00f9 ils signent 3 victoires en 5 matchs et un total de\u00a0<strong>202 buts marqu\u00e9s<\/strong>.<\/p><\/li><\/ul><p>En quart de finale, ils tombent avec les honneurs face aux Allemands de\u00a0<em>12 Monkeys K\u00f6ln BHC<\/em>\u00a0(0\u20132), avant de remporter leurs matchs de classement pour d\u00e9crocher une magnifique\u00a0<strong>5\u1d49 place europ\u00e9enne<\/strong>\u00a0\u2014 \u00e9galant la performance des filles.<br \/>Une double 5\u1d49 place historique pour la Ligue Nouvelle-Aquitaine !<\/p><p><strong>Pierre Cadel (99 pts)<\/strong>\u00a0et\u00a0<strong>Souaiel Cheri-Zecote (97 pts)<\/strong>\u00a0font partie du top des scoreurs du tournoi.<br \/>Et comme chez les filles, deux N\u00e9o-Aquitains se distinguent au niveau continental :\u00a0<strong>Rapha\u00ebl Peres<\/strong>\u00a0(gardien) et\u00a0<strong>Benjamin Gallego<\/strong>\u00a0(d\u00e9fenseur) figurent parmi les nomin\u00e9s pour l\u2019<strong>All-Star Team<\/strong> de la Champions Cup 2025.<\/p><hr \/><p><span style=\"font-size: 20px;\">Une fiert\u00e9 pour toute la r\u00e9gion<\/span><\/p><p>Deux \u00e9quipes engag\u00e9es, deux parcours h\u00e9ro\u00efques, quatre joueurs\/joueuses nomm\u00e9s pour les distinctions continentales, et un m\u00eame r\u00e9sultat :<\/p><p><strong>5\u1d49 place europ\u00e9enne<\/strong>\u00a0pour les filles et les gar\u00e7ons de la Nouvelle-Aquitaine.<\/p><p>Un\u00a0<strong>record historique<\/strong>\u00a0pour la Ligue, et un symbole fort de la dynamique r\u00e9gionale autour du beach handball.<br \/>Cette aventure europ\u00e9enne t\u00e9moigne du travail collectif men\u00e9 depuis plusieurs saisons par les clubs, les entra\u00eeneurs, les b\u00e9n\u00e9voles et la Ligue.<\/p><p>\u00a0<\/p><p>Merci aux joueurs, joueuses, encadrants, partenaires et supporters qui ont vibr\u00e9 \u00e0 chaque match\u00a0<br \/><br \/><\/p>\t\t\t\t\t\t\t\t<\/div>\n\t\t\t\t<\/div>\n\t\t\t\t<\/div>\n\t\t\t\t<\/div>\n\t\t\t\t<\/div>\n\t\t\t\t<\/div>\n\t\t\t\t<\/div>\n\t\t\t\t\t<\/div>\n\t\t\t\t<\/div>\n\t\t\t\t<\/div>\n\t\t","protected":false},"excerpt":{"rendered":"<p>CHAMPIONS CUP 2025 : un record historique pour la nouvelle-aquitaine &nbsp; L\u2019histoire [&hellip;]<\/p>\n","protected":false},"author":2,"featured_media":0,"parent":0,"menu_order":0,"comment_status":"closed","ping_status":"closed","template":"","meta":{"footnotes":""},"class_list":["post-10931","page","type-page","status-publish","hentry"],"yoast_head":"<!-- This site is optimized with the Yoast SEO plugin v27.4 - https:\/\/yoast.com\/product\/yoast-seo-wordpress\/ -->\n<title>Champions Cup 2025 : un record historique pour la Nouvelle Aquitaine - LIGUE NOUVELLE AQUITAINE<\/title>\n<meta name=\"robots\" content=\"index, follow, max-snippet:-1, max-image-preview:large, max-video-preview:-1\" \/>\n<link rel=\"canonical\" href=\"https:\/\/nouvelleaquitaine-handball.org\/index.php\/champions-cup-2025-un-record-historique-pour-la-nouvelle-aquitaine\/\" \/>\n<meta property=\"og:locale\" content=\"fr_FR\" \/>\n<meta property=\"og:type\" content=\"article\" \/>\n<meta property=\"og:title\" content=\"Champions Cup 2025 : un record historique pour la Nouvelle Aquitaine - LIGUE NOUVELLE AQUITAINE\" \/>\n<meta property=\"og:description\" content=\"CHAMPIONS CUP 2025 : un record historique pour la nouvelle-aquitaine &nbsp; L\u2019histoire [&hellip;]\" \/>\n<meta property=\"og:url\" content=\"https:\/\/nouvelleaquitaine-handball.org\/index.php\/champions-cup-2025-un-record-historique-pour-la-nouvelle-aquitaine\/\" \/>\n<meta property=\"og:site_name\" content=\"LIGUE NOUVELLE AQUITAINE\" \/>\n<meta property=\"article:modified_time\" content=\"2025-10-31T10:57:30+00:00\" \/>\n<meta name=\"twitter:card\" content=\"summary_large_image\" \/>\n<meta name=\"twitter:label1\" content=\"Dur\u00e9e de lecture estim\u00e9e\" \/>\n\t<meta name=\"twitter:data1\" content=\"3 minutes\" \/>\n<script type=\"application\/ld+json\" class=\"yoast-schema-graph\">{\"@context\":\"https:\\\/\\\/schema.org\",\"@graph\":[{\"@type\":\"WebPage\",\"@id\":\"https:\\\/\\\/nouvelleaquitaine-handball.org\\\/index.php\\\/champions-cup-2025-un-record-historique-pour-la-nouvelle-aquitaine\\\/\",\"url\":\"https:\\\/\\\/nouvelleaquitaine-handball.org\\\/index.php\\\/champions-cup-2025-un-record-historique-pour-la-nouvelle-aquitaine\\\/\",\"name\":\"Champions Cup 2025 : un record historique pour la Nouvelle Aquitaine - LIGUE NOUVELLE AQUITAINE\",\"isPartOf\":{\"@id\":\"https:\\\/\\\/nouvelleaquitaine-handball.org\\\/#website\"},\"datePublished\":\"2025-10-31T10:51:32+00:00\",\"dateModified\":\"2025-10-31T10:57:30+00:00\",\"breadcrumb\":{\"@id\":\"https:\\\/\\\/nouvelleaquitaine-handball.org\\\/index.php\\\/champions-cup-2025-un-record-historique-pour-la-nouvelle-aquitaine\\\/#breadcrumb\"},\"inLanguage\":\"fr-FR\",\"potentialAction\":[{\"@type\":\"ReadAction\",\"target\":[\"https:\\\/\\\/nouvelleaquitaine-handball.org\\\/index.php\\\/champions-cup-2025-un-record-historique-pour-la-nouvelle-aquitaine\\\/\"]}]},{\"@type\":\"BreadcrumbList\",\"@id\":\"https:\\\/\\\/nouvelleaquitaine-handball.org\\\/index.php\\\/champions-cup-2025-un-record-historique-pour-la-nouvelle-aquitaine\\\/#breadcrumb\",\"itemListElement\":[{\"@type\":\"ListItem\",\"position\":1,\"name\":\"Accueil\",\"item\":\"https:\\\/\\\/nouvelleaquitaine-handball.org\\\/\"},{\"@type\":\"ListItem\",\"position\":2,\"name\":\"Champions Cup 2025 : un record historique pour la Nouvelle Aquitaine\"}]},{\"@type\":\"WebSite\",\"@id\":\"https:\\\/\\\/nouvelleaquitaine-handball.org\\\/#website\",\"url\":\"https:\\\/\\\/nouvelleaquitaine-handball.org\\\/\",\"name\":\"LIGUE NOUVELLE AQUITAINE\",\"description\":\"FFHANDBALL\",\"potentialAction\":[{\"@type\":\"SearchAction\",\"target\":{\"@type\":\"EntryPoint\",\"urlTemplate\":\"https:\\\/\\\/nouvelleaquitaine-handball.org\\\/?s={search_term_string}\"},\"query-input\":{\"@type\":\"PropertyValueSpecification\",\"valueRequired\":true,\"valueName\":\"search_term_string\"}}],\"inLanguage\":\"fr-FR\"}]}<\/script>\n<!-- \/ Yoast SEO plugin. -->","yoast_head_json":{"title":"Champions Cup 2025 : un record historique pour la Nouvelle Aquitaine - LIGUE NOUVELLE AQUITAINE","robots":{"index":"index","follow":"follow","max-snippet":"max-snippet:-1","max-image-preview":"max-image-preview:large","max-video-preview":"max-video-preview:-1"},"canonical":"https:\/\/nouvelleaquitaine-handball.org\/index.php\/champions-cup-2025-un-record-historique-pour-la-nouvelle-aquitaine\/","og_locale":"fr_FR","og_type":"article","og_title":"Champions Cup 2025 : un record historique pour la Nouvelle Aquitaine - LIGUE NOUVELLE AQUITAINE","og_description":"CHAMPIONS CUP 2025 : un record historique pour la nouvelle-aquitaine &nbsp; L\u2019histoire [&hellip;]","og_url":"https:\/\/nouvelleaquitaine-handball.org\/index.php\/champions-cup-2025-un-record-historique-pour-la-nouvelle-aquitaine\/","og_site_name":"LIGUE NOUVELLE AQUITAINE","article_modified_time":"2025-10-31T10:57:30+00:00","twitter_card":"summary_large_image","twitter_misc":{"Dur\u00e9e de lecture estim\u00e9e":"3 minutes"},"schema":{"@context":"https:\/\/schema.org","@graph":[{"@type":"WebPage","@id":"https:\/\/nouvelleaquitaine-handball.org\/index.php\/champions-cup-2025-un-record-historique-pour-la-nouvelle-aquitaine\/","url":"https:\/\/nouvelleaquitaine-handball.org\/index.php\/champions-cup-2025-un-record-historique-pour-la-nouvelle-aquitaine\/","name":"Champions Cup 2025 : un record historique pour la Nouvelle Aquitaine - LIGUE NOUVELLE AQUITAINE","isPartOf":{"@id":"https:\/\/nouvelleaquitaine-handball.org\/#website"},"datePublished":"2025-10-31T10:51:32+00:00","dateModified":"2025-10-31T10:57:30+00:00","breadcrumb":{"@id":"https:\/\/nouvelleaquitaine-handball.org\/index.php\/champions-cup-2025-un-record-historique-pour-la-nouvelle-aquitaine\/#breadcrumb"},"inLanguage":"fr-FR","potentialAction":[{"@type":"ReadAction","target":["https:\/\/nouvelleaquitaine-handball.org\/index.php\/champions-cup-2025-un-record-historique-pour-la-nouvelle-aquitaine\/"]}]},{"@type":"BreadcrumbList","@id":"https:\/\/nouvelleaquitaine-handball.org\/index.php\/champions-cup-2025-un-record-historique-pour-la-nouvelle-aquitaine\/#breadcrumb","itemListElement":[{"@type":"ListItem","position":1,"name":"Accueil","item":"https:\/\/nouvelleaquitaine-handball.org\/"},{"@type":"ListItem","position":2,"name":"Champions Cup 2025 : un record historique pour la Nouvelle Aquitaine"}]},{"@type":"WebSite","@id":"https:\/\/nouvelleaquitaine-handball.org\/#website","url":"https:\/\/nouvelleaquitaine-handball.org\/","name":"LIGUE NOUVELLE AQUITAINE","description":"FFHANDBALL","potentialAction":[{"@type":"SearchAction","target":{"@type":"EntryPoint","urlTemplate":"https:\/\/nouvelleaquitaine-handball.org\/?s={search_term_string}"},"query-input":{"@type":"PropertyValueSpecification","valueRequired":true,"valueName":"search_term_string"}}],"inLanguage":"fr-FR"}]}},"jetpack_sharing_enabled":true,"_links":{"self":[{"href":"https:\/\/nouvelleaquitaine-handball.org\/index.php\/wp-json\/wp\/v2\/pages\/10931","targetHints":{"allow":["GET"]}}],"collection":[{"href":"https:\/\/nouvelleaquitaine-handball.org\/index.php\/wp-json\/wp\/v2\/pages"}],"about":[{"href":"https:\/\/nouvelleaquitaine-handball.org\/index.php\/wp-json\/wp\/v2\/types\/page"}],"author":[{"embeddable":true,"href":"https:\/\/nouvelleaquitaine-handball.org\/index.php\/wp-json\/wp\/v2\/users\/2"}],"replies":[{"embeddable":true,"href":"https:\/\/nouvelleaquitaine-handball.org\/index.php\/wp-json\/wp\/v2\/comments?post=10931"}],"version-history":[{"count":9,"href":"https:\/\/nouvelleaquitaine-handball.org\/index.php\/wp-json\/wp\/v2\/pages\/10931\/revisions"}],"predecessor-version":[{"id":10943,"href":"https:\/\/nouvelleaquitaine-handball.org\/index.php\/wp-json\/wp\/v2\/pages\/10931\/revisions\/10943"}],"wp:attachment":[{"href":"https:\/\/nouvelleaquitaine-handball.org\/index.php\/wp-json\/wp\/v2\/media?parent=10931"}],"curies":[{"name":"wp","href":"https:\/\/api.w.org\/{rel}","templated":true}]}}