{"id":11251,"date":"2025-11-27T15:36:55","date_gmt":"2025-11-27T14:36:55","guid":{"rendered":"https:\/\/nouvelleaquitaine-handball.org\/?page_id=11251"},"modified":"2025-11-27T15:45:36","modified_gmt":"2025-11-27T14:45:36","slug":"article_movember","status":"publish","type":"page","link":"https:\/\/nouvelleaquitaine-handball.org\/index.php\/article_movember\/","title":{"rendered":"Article &#8211; Movember"},"content":{"rendered":"\t\t<div data-elementor-type=\"wp-page\" data-elementor-id=\"11251\" class=\"elementor elementor-11251\" data-elementor-post-type=\"page\">\n\t\t\t\t<div class=\"elementor-element elementor-element-cb84913 e-flex e-con-boxed e-con e-parent\" data-id=\"cb84913\" data-element_type=\"container\" data-e-type=\"container\" data-settings=\"{&quot;_ob_use_container_extras&quot;:&quot;no&quot;,&quot;_ob_column_hoveranimator&quot;:&quot;no&quot;,&quot;_ob_glider_is_slider&quot;:&quot;no&quot;,&quot;_ob_column_has_pseudo&quot;:&quot;no&quot;}\">\n\t\t\t\t\t<div class=\"e-con-inner\">\n\t\t<div class=\"elementor-element elementor-element-2c421c1 e-con-full e-flex e-con e-child\" data-id=\"2c421c1\" data-element_type=\"container\" data-e-type=\"container\" data-settings=\"{&quot;_ob_use_container_extras&quot;:&quot;no&quot;,&quot;_ob_column_hoveranimator&quot;:&quot;no&quot;,&quot;_ob_glider_is_slider&quot;:&quot;no&quot;,&quot;_ob_column_has_pseudo&quot;:&quot;no&quot;}\">\n\t\t<div class=\"elementor-element elementor-element-7f29d17 e-con-full e-flex e-con e-child\" data-id=\"7f29d17\" data-element_type=\"container\" data-e-type=\"container\" data-settings=\"{&quot;_ob_use_container_extras&quot;:&quot;no&quot;,&quot;_ob_column_hoveranimator&quot;:&quot;no&quot;,&quot;_ob_glider_is_slider&quot;:&quot;no&quot;,&quot;_ob_column_has_pseudo&quot;:&quot;no&quot;}\">\n\t\t<div class=\"elementor-element elementor-element-8007dda e-con-full e-flex e-con e-child\" data-id=\"8007dda\" data-element_type=\"container\" data-e-type=\"container\" data-settings=\"{&quot;_ob_use_container_extras&quot;:&quot;no&quot;,&quot;_ob_column_hoveranimator&quot;:&quot;no&quot;,&quot;_ob_glider_is_slider&quot;:&quot;no&quot;,&quot;_ob_column_has_pseudo&quot;:&quot;no&quot;}\">\n\t\t<div class=\"elementor-element elementor-element-8076eef e-con-full e-flex e-con e-child\" data-id=\"8076eef\" data-element_type=\"container\" data-e-type=\"container\" data-settings=\"{&quot;_ob_use_container_extras&quot;:&quot;no&quot;,&quot;_ob_column_hoveranimator&quot;:&quot;no&quot;,&quot;_ob_glider_is_slider&quot;:&quot;no&quot;,&quot;_ob_column_has_pseudo&quot;:&quot;no&quot;}\">\n\t\t\t\t<div class=\"elementor-element elementor-element-2d891a5 ob-harakiri-inherit ob-has-background-overlay elementor-widget elementor-widget-heading\" data-id=\"2d891a5\" data-element_type=\"widget\" data-e-type=\"widget\" data-settings=\"{&quot;_ob_use_harakiri&quot;:&quot;yes&quot;,&quot;_ob_harakiri_writing_mode&quot;:&quot;inherit&quot;,&quot;_ob_harakiri_text_clip&quot;:&quot;none&quot;,&quot;_ob_widget_stalker_use&quot;:&quot;no&quot;,&quot;_ob_poopart_use&quot;:&quot;yes&quot;,&quot;_ob_shadough_use&quot;:&quot;no&quot;,&quot;_ob_allow_hoveranimator&quot;:&quot;no&quot;}\" data-widget_type=\"heading.default\">\n\t\t\t\t<div class=\"elementor-widget-container\">\n\t\t\t\t\t<h2 class=\"elementor-heading-title elementor-size-default\"><p data-start=\"0\" data-end=\"79\"><b>movember : portraits de bin\u00f4mes d'arbitres <\/b><b>n\u00e9o-aquitains<\/b><span data-ccp-props=\"{&quot;134233117&quot;:false,&quot;134233118&quot;:false,&quot;134245418&quot;:true,&quot;134245529&quot;:true,&quot;335551550&quot;:0,&quot;335551620&quot;:0,&quot;335559738&quot;:299,&quot;335559739&quot;:299}\">&nbsp;<\/span><\/p><\/h2>\t\t\t\t<\/div>\n\t\t\t\t<\/div>\n\t\t\t\t<div class=\"elementor-element elementor-element-5e6521e elementor-widget-divider--view-line ob-has-background-overlay elementor-widget elementor-widget-divider\" data-id=\"5e6521e\" data-element_type=\"widget\" data-e-type=\"widget\" data-settings=\"{&quot;_ob_widget_stalker_use&quot;:&quot;no&quot;,&quot;_ob_poopart_use&quot;:&quot;yes&quot;,&quot;_ob_shadough_use&quot;:&quot;no&quot;,&quot;_ob_allow_hoveranimator&quot;:&quot;no&quot;}\" data-widget_type=\"divider.default\">\n\t\t\t\t<div class=\"elementor-widget-container\">\n\t\t\t\t\t\t\t<div class=\"elementor-divider\">\n\t\t\t<span class=\"elementor-divider-separator\">\n\t\t\t\t\t\t<\/span>\n\t\t<\/div>\n\t\t\t\t\t\t<\/div>\n\t\t\t\t<\/div>\n\t\t\t\t<div class=\"elementor-element elementor-element-be7a9b9 ob-harakiri-inherit ob-has-background-overlay elementor-widget elementor-widget-text-editor\" data-id=\"be7a9b9\" data-element_type=\"widget\" data-e-type=\"widget\" data-settings=\"{&quot;_ob_use_harakiri&quot;:&quot;yes&quot;,&quot;_ob_harakiri_writing_mode&quot;:&quot;inherit&quot;,&quot;_ob_postman_use&quot;:&quot;no&quot;,&quot;_ob_widget_stalker_use&quot;:&quot;no&quot;,&quot;_ob_poopart_use&quot;:&quot;yes&quot;,&quot;_ob_shadough_use&quot;:&quot;no&quot;,&quot;_ob_allow_hoveranimator&quot;:&quot;no&quot;}\" data-widget_type=\"text-editor.default\">\n\t\t\t\t<div class=\"elementor-widget-container\">\n\t\t\t\t\t\t\t\t\t<p>Dans le cadre du mois de novembre, la Ligue Nouvelle-Aquitaine de Handball met \u00e0 l\u2019honneur quatre bin\u00f4mes d\u2019arbitres \u00e0 travers une s\u00e9rie de portraits.<br data-start=\"465\" data-end=\"468\" \/>Cette campagne vise \u00e0 valoriser l\u2019engagement, la complicit\u00e9 et le parcours de celles et ceux qui font vivre l\u2019arbitrage sur les terrains de Nouvelle-Aquitaine.<\/p><p aria-level=\"3\"><strong><span style=\"font-size: 19px;\">Bin\u00f4me JAJ T1 :\u00a0Solal ABOLIVIER \/ Ga\u00ebtan ESPITALIER\u00a0<\/span><\/strong><\/p><p data-start=\"694\" data-end=\"727\"><strong data-start=\"698\" data-end=\"725\">Pr\u00e9noms, clubs et \u00e2ge :<\/strong><\/p><p data-start=\"728\" data-end=\"799\">Solal, M\u00e9rignac Handball, 16 ans<br data-start=\"760\" data-end=\"763\" \/>Ga\u00ebtan, Bruges Handball 33, 15 ans<\/p><p data-start=\"801\" data-end=\"848\"><strong data-start=\"805\" data-end=\"846\">Depuis quand arbitrez-vous ensemble ?<\/strong><\/p><p data-start=\"849\" data-end=\"1073\">Nous arbitrons ensemble depuis 2020 dans notre club du M\u00e9rignac Handball. Nous jouions alors ensemble en U13. Nous sommes pass\u00e9s officiels pour le Comit\u00e9 de Gironde en 2022 puis pour la Ligue Nouvelle-Aquitaine cette saison.<\/p><p data-start=\"1075\" data-end=\"1120\"><strong data-start=\"1079\" data-end=\"1118\">Pourquoi avoir choisi l\u2019arbitrage ?<\/strong><\/p><p data-start=\"1121\" data-end=\"1353\">Notre entra\u00eeneure en -13G, Violaine Blanc, avait propos\u00e9 \u00e0 tous ses joueurs d\u2019arbitrer les matchs en fin d\u2019entra\u00eenement. Nous avons essay\u00e9, \u00e7a nous a plu, et nous avons suivi des formations avant de commencer \u00e0 arbitrer le week-end.<\/p><p data-start=\"1355\" data-end=\"1406\"><strong data-start=\"1359\" data-end=\"1404\">Votre plus beau souvenir sur le terrain ?<\/strong><\/p><p data-start=\"1407\" data-end=\"1585\">Arbitrer dans le palais des sports d\u2019Orl\u00e9ans lors des finales intercomit\u00e9s en juin dernier : une salle immense, une ambiance incroyable, un moment fort dans notre jeune parcours.<\/p><p data-start=\"1587\" data-end=\"1635\"><strong data-start=\"1591\" data-end=\"1633\">Ce qui fait la force de votre bin\u00f4me ?<\/strong><\/p><p data-start=\"1636\" data-end=\"1854\">Nous nous connaissons depuis 7 ans. Nous avons appris \u00e0 nous comprendre \u00e0 distance et aimons apporter de la continuit\u00e9 au jeu. Les matchs serr\u00e9s ou \u00e0 fort enjeu nous ont beaucoup aid\u00e9s \u00e0 g\u00e9rer le stress et la pression.<\/p><p data-start=\"1856\" data-end=\"1901\"><strong data-start=\"1860\" data-end=\"1899\">Que repr\u00e9sente Movember pour vous ?<\/strong><\/p><p data-start=\"1902\" data-end=\"1987\">Un rappel important pour les hommes : prendre soin de leur sant\u00e9 physique et mentale.<\/p><p data-start=\"1989\" data-end=\"2042\"><strong data-start=\"1993\" data-end=\"2040\">Un mot pour encourager de futurs arbitres ?<\/strong><\/p><p data-start=\"2043\" data-end=\"2141\">Faites-vous confiance ! L\u2019arbitrage est une belle \u00e9cole, exigeante mais extr\u00eamement enrichissante.<\/p><p><span data-ccp-props=\"{&quot;335551550&quot;:0,&quot;335551620&quot;:0}\">\u00a0<\/span><\/p><p aria-level=\"3\"><span style=\"font-size: 19px;\"><b>Bin\u00f4me PPF : Antonin BICHON \/ Leny MOREAU<\/b><\/span><\/p><p data-start=\"2198\" data-end=\"2231\"><strong data-start=\"2202\" data-end=\"2229\">Pr\u00e9noms, clubs et \u00e2ge :<\/strong><\/p><p data-start=\"2232\" data-end=\"2310\">Antonin, 17 ans \u2013 La Mothe Saint-H\u00e9ray<br data-start=\"2270\" data-end=\"2273\" \/>Leny, 16 ans \u2013 La Mothe Saint-H\u00e9ray<\/p><p data-start=\"2312\" data-end=\"2359\"><strong data-start=\"2316\" data-end=\"2357\">Depuis quand arbitrez-vous ensemble ?<\/strong><\/p><p data-start=\"2360\" data-end=\"2428\">Nous arbitrons ensemble depuis 3 ans, et pour la ligue depuis 2 ans.<\/p><p data-start=\"2430\" data-end=\"2475\"><strong data-start=\"2434\" data-end=\"2473\">Pourquoi avoir choisi l\u2019arbitrage ?<\/strong><\/p><p data-start=\"2476\" data-end=\"2660\">Nous avons commenc\u00e9 pour d\u00e9panner notre club. Ensuite, nous avons \u00e9t\u00e9 invit\u00e9s \u00e0 des stages comit\u00e9 puis ligue, ce qui nous a permis de progresser et d\u2019\u00e9voluer vers l\u2019arbitrage r\u00e9gional.<\/p><p data-start=\"2662\" data-end=\"2713\"><strong data-start=\"2666\" data-end=\"2711\">Votre plus beau souvenir sur le terrain ?<\/strong><\/p><p data-start=\"2714\" data-end=\"2856\">Nos deux stages \u00e0 Talence, qui ont pr\u00e9par\u00e9 le tour national des intercomit\u00e9s \u00e0 Saint-Junien. Des moments forts, formateurs et tr\u00e8s conviviaux.<\/p><p data-start=\"2858\" data-end=\"2906\"><strong data-start=\"2862\" data-end=\"2904\">Ce qui fait la force de votre bin\u00f4me ?<\/strong><\/p><p data-start=\"2907\" data-end=\"2970\">Notre communication et notre excellente entente sur le terrain.<\/p><p data-start=\"2972\" data-end=\"3017\"><strong data-start=\"2976\" data-end=\"3015\">Que repr\u00e9sente Movember pour vous ?<\/strong><\/p><p data-start=\"3018\" data-end=\"3129\">Un moyen d\u2019informer les jeunes sur le cancer de la prostate et de sensibiliser \u00e0 la lutte contre cette maladie.<\/p><p data-start=\"3131\" data-end=\"3184\"><strong data-start=\"3135\" data-end=\"3182\">Un mot pour encourager de futurs arbitres ?<\/strong><\/p><p data-start=\"3185\" data-end=\"3291\">Ne vous laissez pas d\u00e9courager par les contestations. Gardez confiance en vous et continuez \u00e0 progresser !<\/p><p><span data-ccp-props=\"{&quot;335551550&quot;:0,&quot;335551620&quot;:0}\">\u00a0<\/span><\/p><p><span style=\"font-size: 19px;\"><b>Bin\u00f4me adulte T2 : Laurent LAFFON \/ Philippe COMBES<\/b><\/span><\/p><p data-start=\"3358\" data-end=\"3391\"><span style=\"font-size: 16px;\"><strong data-start=\"3362\" data-end=\"3389\">Pr\u00e9noms, clubs et \u00e2ge :<\/strong><\/span><\/p><p data-start=\"3392\" data-end=\"3468\"><span style=\"font-size: 16px;\">Laurent, 44 ans \u2013 club de Rochefort<\/span><br data-start=\"3427\" data-end=\"3430\" \/><span style=\"font-size: 16px;\">Philippe, 52 ans \u2013 club de Rochefort<\/span><\/p><p data-start=\"3470\" data-end=\"3517\"><span style=\"font-size: 16px;\"><strong data-start=\"3474\" data-end=\"3515\">Depuis quand arbitrez-vous ensemble ?<\/strong><\/span><\/p><p data-start=\"3518\" data-end=\"3628\"><span style=\"font-size: 16px;\">Cela fait environ quinze ans que nous arbitrons ensemble. Nous faisons partie des anciens bin\u00f4mes de la ligue.<\/span><\/p><p data-start=\"3630\" data-end=\"3675\"><span style=\"font-size: 16px;\"><strong data-start=\"3634\" data-end=\"3673\">Pourquoi avoir choisi l\u2019arbitrage ?<\/strong><\/span><\/p><p data-start=\"3676\" data-end=\"3967\"><span style=\"font-size: 16px;\"><strong data-start=\"3676\" data-end=\"3689\">Laurent :<\/strong> J\u2019ai commenc\u00e9 le handball \u00e0 9 ans et l\u2019arbitrage via l\u2019UNSS. C\u2019\u00e9tait un moyen de progresser dans ma pratique.<\/span><br data-start=\"3799\" data-end=\"3802\" \/><span style=\"font-size: 16px;\"><strong data-start=\"3802\" data-end=\"3816\">Philippe :<\/strong> J\u2019ai commenc\u00e9 en r\u00e9gion parisienne apr\u00e8s m\u2019\u00eatre senti l\u00e9s\u00e9 lors d\u2019un match. J\u2019ai voulu comprendre et ma\u00eetriser les r\u00e8gles pour vivre le jeu autrement.<\/span><\/p><p data-start=\"3969\" data-end=\"4020\"><span style=\"font-size: 16px;\"><strong data-start=\"3973\" data-end=\"4018\">Votre plus beau souvenir sur le terrain ?<\/strong><\/span><\/p><p data-start=\"4021\" data-end=\"4264\"><span style=\"font-size: 16px;\"><strong data-start=\"4021\" data-end=\"4034\">Laurent :<\/strong> Notre victoire en finale du championnat interligues \u00e0 Bercy, en ouverture de l\u2019\u00e9quipe de France.<\/span><br data-start=\"4131\" data-end=\"4134\" \/><span style=\"font-size: 16px;\"><strong data-start=\"4134\" data-end=\"4148\">Philippe :<\/strong> Lorsque la communion est compl\u00e8te entre le public et tous les acteurs d\u2019une rencontre : un moment rare et pr\u00e9cieux.<\/span><\/p><p data-start=\"4266\" data-end=\"4314\"><span style=\"font-size: 16px;\"><strong data-start=\"4270\" data-end=\"4312\">Ce qui fait la force de votre bin\u00f4me ?<\/strong><\/span><\/p><p data-start=\"4315\" data-end=\"4432\"><span style=\"font-size: 16px;\">L\u2019amiti\u00e9, la compl\u00e9mentarit\u00e9, la confiance, et notre pass\u00e9 de joueurs qui nous permet d\u2019arbitrer dans le sens du jeu.<\/span><\/p><p data-start=\"4434\" data-end=\"4479\"><span style=\"font-size: 16px;\"><strong data-start=\"4438\" data-end=\"4477\">Que repr\u00e9sente Movember pour vous ?<\/strong><\/span><\/p><p data-start=\"4480\" data-end=\"4659\"><span style=\"font-size: 16px;\"><strong data-start=\"4480\" data-end=\"4493\">Laurent :<\/strong> Movember, c\u2019est lever le tabou sur certaines maladies et encourager au d\u00e9pistage.<\/span><br data-start=\"4575\" data-end=\"4578\" \/><span style=\"font-size: 16px;\"><strong data-start=\"4578\" data-end=\"4592\">Philippe :<\/strong> Enfin un mois d\u00e9di\u00e9 aux hommes et \u00e0 leurs probl\u00e9matiques de sant\u00e9.<\/span><\/p><p data-start=\"4661\" data-end=\"4714\"><b><span data-contrast=\"auto\">Un mot pour encourager de futurs arbitres ?<\/span><\/b>\u00a0<\/p><p data-start=\"4661\" data-end=\"4714\"><span style=\"font-size: 16px;\"><strong data-start=\"4715\" data-end=\"4728\">Laurent :<\/strong> L\u2019arbitrage permet de mieux comprendre le handball. Le haut niveau est souvent plus accessible via l\u2019arbitrage.<\/span><br data-start=\"4840\" data-end=\"4843\" \/><span style=\"font-size: 16px;\"><strong data-start=\"4843\" data-end=\"4857\">Philippe :<\/strong> \u00catre arbitre, c\u2019est une vocation : rester humble et se mettre au service des autres.<\/span><\/p>\t\t\t\t\t\t\t\t<\/div>\n\t\t\t\t<\/div>\n\t\t\t\t<\/div>\n\t\t\t\t<\/div>\n\t\t\t\t<\/div>\n\t\t\t\t<\/div>\n\t\t\t\t\t<\/div>\n\t\t\t\t<\/div>\n\t\t\t\t<\/div>\n\t\t","protected":false},"excerpt":{"rendered":"<p>movember : portraits de bin\u00f4mes d&#8217;arbitres n\u00e9o-aquitains&nbsp; Dans le cadre du mois [&hellip;]<\/p>\n","protected":false},"author":2,"featured_media":0,"parent":0,"menu_order":0,"comment_status":"closed","ping_status":"closed","template":"","meta":{"footnotes":""},"class_list":["post-11251","page","type-page","status-publish","hentry"],"yoast_head":"<!-- This site is optimized with the Yoast SEO plugin v27.4 - https:\/\/yoast.com\/product\/yoast-seo-wordpress\/ -->\n<title>Article - Movember - LIGUE NOUVELLE AQUITAINE<\/title>\n<meta name=\"robots\" content=\"index, follow, max-snippet:-1, max-image-preview:large, max-video-preview:-1\" \/>\n<link rel=\"canonical\" href=\"https:\/\/nouvelleaquitaine-handball.org\/index.php\/article_movember\/\" \/>\n<meta property=\"og:locale\" content=\"fr_FR\" \/>\n<meta property=\"og:type\" content=\"article\" \/>\n<meta property=\"og:title\" content=\"Article - Movember - LIGUE NOUVELLE AQUITAINE\" \/>\n<meta property=\"og:description\" content=\"movember : portraits de bin\u00f4mes d&#8217;arbitres n\u00e9o-aquitains&nbsp; Dans le cadre du mois [&hellip;]\" \/>\n<meta property=\"og:url\" content=\"https:\/\/nouvelleaquitaine-handball.org\/index.php\/article_movember\/\" \/>\n<meta property=\"og:site_name\" content=\"LIGUE NOUVELLE AQUITAINE\" \/>\n<meta property=\"article:modified_time\" content=\"2025-11-27T14:45:36+00:00\" \/>\n<meta name=\"twitter:card\" content=\"summary_large_image\" \/>\n<meta name=\"twitter:label1\" content=\"Dur\u00e9e de lecture estim\u00e9e\" \/>\n\t<meta name=\"twitter:data1\" content=\"4 minutes\" \/>\n<script type=\"application\/ld+json\" class=\"yoast-schema-graph\">{\"@context\":\"https:\\\/\\\/schema.org\",\"@graph\":[{\"@type\":\"WebPage\",\"@id\":\"https:\\\/\\\/nouvelleaquitaine-handball.org\\\/index.php\\\/article_movember\\\/\",\"url\":\"https:\\\/\\\/nouvelleaquitaine-handball.org\\\/index.php\\\/article_movember\\\/\",\"name\":\"Article - Movember - LIGUE NOUVELLE AQUITAINE\",\"isPartOf\":{\"@id\":\"https:\\\/\\\/nouvelleaquitaine-handball.org\\\/#website\"},\"datePublished\":\"2025-11-27T14:36:55+00:00\",\"dateModified\":\"2025-11-27T14:45:36+00:00\",\"breadcrumb\":{\"@id\":\"https:\\\/\\\/nouvelleaquitaine-handball.org\\\/index.php\\\/article_movember\\\/#breadcrumb\"},\"inLanguage\":\"fr-FR\",\"potentialAction\":[{\"@type\":\"ReadAction\",\"target\":[\"https:\\\/\\\/nouvelleaquitaine-handball.org\\\/index.php\\\/article_movember\\\/\"]}]},{\"@type\":\"BreadcrumbList\",\"@id\":\"https:\\\/\\\/nouvelleaquitaine-handball.org\\\/index.php\\\/article_movember\\\/#breadcrumb\",\"itemListElement\":[{\"@type\":\"ListItem\",\"position\":1,\"name\":\"Accueil\",\"item\":\"https:\\\/\\\/nouvelleaquitaine-handball.org\\\/\"},{\"@type\":\"ListItem\",\"position\":2,\"name\":\"Article &#8211; Movember\"}]},{\"@type\":\"WebSite\",\"@id\":\"https:\\\/\\\/nouvelleaquitaine-handball.org\\\/#website\",\"url\":\"https:\\\/\\\/nouvelleaquitaine-handball.org\\\/\",\"name\":\"LIGUE NOUVELLE AQUITAINE\",\"description\":\"FFHANDBALL\",\"potentialAction\":[{\"@type\":\"SearchAction\",\"target\":{\"@type\":\"EntryPoint\",\"urlTemplate\":\"https:\\\/\\\/nouvelleaquitaine-handball.org\\\/?s={search_term_string}\"},\"query-input\":{\"@type\":\"PropertyValueSpecification\",\"valueRequired\":true,\"valueName\":\"search_term_string\"}}],\"inLanguage\":\"fr-FR\"}]}<\/script>\n<!-- \/ Yoast SEO plugin. -->","yoast_head_json":{"title":"Article - Movember - LIGUE NOUVELLE AQUITAINE","robots":{"index":"index","follow":"follow","max-snippet":"max-snippet:-1","max-image-preview":"max-image-preview:large","max-video-preview":"max-video-preview:-1"},"canonical":"https:\/\/nouvelleaquitaine-handball.org\/index.php\/article_movember\/","og_locale":"fr_FR","og_type":"article","og_title":"Article - Movember - LIGUE NOUVELLE AQUITAINE","og_description":"movember : portraits de bin\u00f4mes d&#8217;arbitres n\u00e9o-aquitains&nbsp; Dans le cadre du mois [&hellip;]","og_url":"https:\/\/nouvelleaquitaine-handball.org\/index.php\/article_movember\/","og_site_name":"LIGUE NOUVELLE AQUITAINE","article_modified_time":"2025-11-27T14:45:36+00:00","twitter_card":"summary_large_image","twitter_misc":{"Dur\u00e9e de lecture estim\u00e9e":"4 minutes"},"schema":{"@context":"https:\/\/schema.org","@graph":[{"@type":"WebPage","@id":"https:\/\/nouvelleaquitaine-handball.org\/index.php\/article_movember\/","url":"https:\/\/nouvelleaquitaine-handball.org\/index.php\/article_movember\/","name":"Article - Movember - LIGUE NOUVELLE AQUITAINE","isPartOf":{"@id":"https:\/\/nouvelleaquitaine-handball.org\/#website"},"datePublished":"2025-11-27T14:36:55+00:00","dateModified":"2025-11-27T14:45:36+00:00","breadcrumb":{"@id":"https:\/\/nouvelleaquitaine-handball.org\/index.php\/article_movember\/#breadcrumb"},"inLanguage":"fr-FR","potentialAction":[{"@type":"ReadAction","target":["https:\/\/nouvelleaquitaine-handball.org\/index.php\/article_movember\/"]}]},{"@type":"BreadcrumbList","@id":"https:\/\/nouvelleaquitaine-handball.org\/index.php\/article_movember\/#breadcrumb","itemListElement":[{"@type":"ListItem","position":1,"name":"Accueil","item":"https:\/\/nouvelleaquitaine-handball.org\/"},{"@type":"ListItem","position":2,"name":"Article &#8211; Movember"}]},{"@type":"WebSite","@id":"https:\/\/nouvelleaquitaine-handball.org\/#website","url":"https:\/\/nouvelleaquitaine-handball.org\/","name":"LIGUE NOUVELLE AQUITAINE","description":"FFHANDBALL","potentialAction":[{"@type":"SearchAction","target":{"@type":"EntryPoint","urlTemplate":"https:\/\/nouvelleaquitaine-handball.org\/?s={search_term_string}"},"query-input":{"@type":"PropertyValueSpecification","valueRequired":true,"valueName":"search_term_string"}}],"inLanguage":"fr-FR"}]}},"jetpack_sharing_enabled":true,"_links":{"self":[{"href":"https:\/\/nouvelleaquitaine-handball.org\/index.php\/wp-json\/wp\/v2\/pages\/11251","targetHints":{"allow":["GET"]}}],"collection":[{"href":"https:\/\/nouvelleaquitaine-handball.org\/index.php\/wp-json\/wp\/v2\/pages"}],"about":[{"href":"https:\/\/nouvelleaquitaine-handball.org\/index.php\/wp-json\/wp\/v2\/types\/page"}],"author":[{"embeddable":true,"href":"https:\/\/nouvelleaquitaine-handball.org\/index.php\/wp-json\/wp\/v2\/users\/2"}],"replies":[{"embeddable":true,"href":"https:\/\/nouvelleaquitaine-handball.org\/index.php\/wp-json\/wp\/v2\/comments?post=11251"}],"version-history":[{"count":12,"href":"https:\/\/nouvelleaquitaine-handball.org\/index.php\/wp-json\/wp\/v2\/pages\/11251\/revisions"}],"predecessor-version":[{"id":11266,"href":"https:\/\/nouvelleaquitaine-handball.org\/index.php\/wp-json\/wp\/v2\/pages\/11251\/revisions\/11266"}],"wp:attachment":[{"href":"https:\/\/nouvelleaquitaine-handball.org\/index.php\/wp-json\/wp\/v2\/media?parent=11251"}],"curies":[{"name":"wp","href":"https:\/\/api.w.org\/{rel}","templated":true}]}}