{"id":11306,"date":"2025-12-18T10:20:28","date_gmt":"2025-12-18T09:20:28","guid":{"rendered":"https:\/\/nouvelleaquitaine-handball.org\/?page_id=11306"},"modified":"2025-12-18T10:33:45","modified_gmt":"2025-12-18T09:33:45","slug":"noeldesbabys","status":"publish","type":"page","link":"https:\/\/nouvelleaquitaine-handball.org\/index.php\/noeldesbabys\/","title":{"rendered":"Article &#8211; No\u00ebl des Babys"},"content":{"rendered":"\t\t<div data-elementor-type=\"wp-page\" data-elementor-id=\"11306\" class=\"elementor elementor-11306\" data-elementor-post-type=\"page\">\n\t\t\t\t<div class=\"elementor-element elementor-element-f2d9890 e-flex e-con-boxed e-con e-parent\" data-id=\"f2d9890\" data-element_type=\"container\" data-e-type=\"container\" data-settings=\"{&quot;_ob_use_container_extras&quot;:&quot;no&quot;,&quot;_ob_column_hoveranimator&quot;:&quot;no&quot;,&quot;_ob_glider_is_slider&quot;:&quot;no&quot;,&quot;_ob_column_has_pseudo&quot;:&quot;no&quot;}\">\n\t\t\t\t\t<div class=\"e-con-inner\">\n\t\t<div class=\"elementor-element elementor-element-62cf9f5 e-con-full e-flex e-con e-child\" data-id=\"62cf9f5\" data-element_type=\"container\" data-e-type=\"container\" data-settings=\"{&quot;_ob_use_container_extras&quot;:&quot;no&quot;,&quot;_ob_column_hoveranimator&quot;:&quot;no&quot;,&quot;_ob_glider_is_slider&quot;:&quot;no&quot;,&quot;_ob_column_has_pseudo&quot;:&quot;no&quot;}\">\n\t\t<div class=\"elementor-element elementor-element-a528eff e-con-full e-flex e-con e-child\" data-id=\"a528eff\" data-element_type=\"container\" data-e-type=\"container\" data-settings=\"{&quot;_ob_use_container_extras&quot;:&quot;no&quot;,&quot;_ob_column_hoveranimator&quot;:&quot;no&quot;,&quot;_ob_glider_is_slider&quot;:&quot;no&quot;,&quot;_ob_column_has_pseudo&quot;:&quot;no&quot;}\">\n\t\t<div class=\"elementor-element elementor-element-535bbd2 e-con-full e-flex e-con e-child\" data-id=\"535bbd2\" data-element_type=\"container\" data-e-type=\"container\" data-settings=\"{&quot;_ob_use_container_extras&quot;:&quot;no&quot;,&quot;_ob_column_hoveranimator&quot;:&quot;no&quot;,&quot;_ob_glider_is_slider&quot;:&quot;no&quot;,&quot;_ob_column_has_pseudo&quot;:&quot;no&quot;}\">\n\t\t<div class=\"elementor-element elementor-element-ecbdbe3 e-con-full e-flex e-con e-child\" data-id=\"ecbdbe3\" data-element_type=\"container\" data-e-type=\"container\" data-settings=\"{&quot;_ob_use_container_extras&quot;:&quot;no&quot;,&quot;_ob_column_hoveranimator&quot;:&quot;no&quot;,&quot;_ob_glider_is_slider&quot;:&quot;no&quot;,&quot;_ob_column_has_pseudo&quot;:&quot;no&quot;}\">\n\t\t\t\t<div class=\"elementor-element elementor-element-65a1a7b ob-harakiri-inherit ob-has-background-overlay elementor-widget elementor-widget-heading\" data-id=\"65a1a7b\" data-element_type=\"widget\" data-e-type=\"widget\" data-settings=\"{&quot;_ob_use_harakiri&quot;:&quot;yes&quot;,&quot;_ob_harakiri_writing_mode&quot;:&quot;inherit&quot;,&quot;_ob_harakiri_text_clip&quot;:&quot;none&quot;,&quot;_ob_widget_stalker_use&quot;:&quot;no&quot;,&quot;_ob_poopart_use&quot;:&quot;yes&quot;,&quot;_ob_shadough_use&quot;:&quot;no&quot;,&quot;_ob_allow_hoveranimator&quot;:&quot;no&quot;}\" data-widget_type=\"heading.default\">\n\t\t\t\t<div class=\"elementor-widget-container\">\n\t\t\t\t\t<h2 class=\"elementor-heading-title elementor-size-default\"><p data-start=\"0\" data-end=\"79\"><b>Le No\u00ebl des Baby : une mobilisation r\u00e9gionale autour du Baby-Hand<\/b><\/p><\/h2>\t\t\t\t<\/div>\n\t\t\t\t<\/div>\n\t\t\t\t<div class=\"elementor-element elementor-element-e22280d elementor-widget-divider--view-line ob-has-background-overlay elementor-widget elementor-widget-divider\" data-id=\"e22280d\" data-element_type=\"widget\" data-e-type=\"widget\" data-settings=\"{&quot;_ob_widget_stalker_use&quot;:&quot;no&quot;,&quot;_ob_poopart_use&quot;:&quot;yes&quot;,&quot;_ob_shadough_use&quot;:&quot;no&quot;,&quot;_ob_allow_hoveranimator&quot;:&quot;no&quot;}\" data-widget_type=\"divider.default\">\n\t\t\t\t<div class=\"elementor-widget-container\">\n\t\t\t\t\t\t\t<div class=\"elementor-divider\">\n\t\t\t<span class=\"elementor-divider-separator\">\n\t\t\t\t\t\t<\/span>\n\t\t<\/div>\n\t\t\t\t\t\t<\/div>\n\t\t\t\t<\/div>\n\t\t\t\t<\/div>\n\t\t\t\t<\/div>\n\t\t\t\t<\/div>\n\t\t\t\t<div class=\"elementor-element elementor-element-ee3574d ob-harakiri-inherit ob-has-background-overlay elementor-widget elementor-widget-text-editor\" data-id=\"ee3574d\" data-element_type=\"widget\" data-e-type=\"widget\" data-settings=\"{&quot;_ob_use_harakiri&quot;:&quot;yes&quot;,&quot;_ob_harakiri_writing_mode&quot;:&quot;inherit&quot;,&quot;_ob_postman_use&quot;:&quot;no&quot;,&quot;_ob_widget_stalker_use&quot;:&quot;no&quot;,&quot;_ob_poopart_use&quot;:&quot;yes&quot;,&quot;_ob_shadough_use&quot;:&quot;no&quot;,&quot;_ob_allow_hoveranimator&quot;:&quot;no&quot;}\" data-widget_type=\"text-editor.default\">\n\t\t\t\t<div class=\"elementor-widget-container\">\n\t\t\t\t\t\t\t\t\t<p>Dans le cadre du d\u00e9veloppement de la pratique <strong data-start=\"273\" data-end=\"286\">Baby-Hand<\/strong>, la <strong data-start=\"291\" data-end=\"331\">Ligue Nouvelle-Aquitaine de Handball<\/strong>, en partenariat avec les <strong data-start=\"357\" data-end=\"383\">Comit\u00e9s D\u00e9partementaux<\/strong>, relance son appel \u00e0 projets <strong data-start=\"413\" data-end=\"437\">\u00ab Le No\u00ebl des Baby \u00bb<\/strong>.<\/p><p data-start=\"440\" data-end=\"711\"><strong data-start=\"443\" data-end=\"471\">Du 6 au 20 d\u00e9cembre 2025<\/strong>, les clubs du territoire sont invit\u00e9s \u00e0 organiser un <strong data-start=\"525\" data-end=\"554\">temps festif et convivial<\/strong> \u00e0 destination des plus jeunes licenci\u00e9s, afin de leur faire vivre une premi\u00e8re exp\u00e9rience du handball ludique, adapt\u00e9e et chaleureuse, aux couleurs de No\u00ebl.<\/p><p data-start=\"713\" data-end=\"755\"><span style=\"font-size: 23px;\"><b>Un moment festif d\u00e9di\u00e9 aux plus petits<\/b><\/span><\/p><p data-start=\"757\" data-end=\"880\">\u00ab Le No\u00ebl des Baby \u00bb permet aux clubs d\u2019organiser un <strong data-start=\"810\" data-end=\"831\">plateau Baby-Hand<\/strong> m\u00ealant sport, jeu et partage, avec notamment :<\/p><ul data-start=\"881\" data-end=\"1067\"><li data-start=\"881\" data-end=\"927\"><p data-start=\"883\" data-end=\"927\">des <strong data-start=\"887\" data-end=\"924\">ateliers ludiques et p\u00e9dagogiques<\/strong>,<\/p><\/li><li data-start=\"928\" data-end=\"965\"><p data-start=\"930\" data-end=\"965\">une <strong data-start=\"934\" data-end=\"962\">mise en ambiance de No\u00ebl<\/strong>,<\/p><\/li><li data-start=\"966\" data-end=\"994\"><p data-start=\"968\" data-end=\"994\">un <strong data-start=\"971\" data-end=\"991\">go\u00fbter convivial<\/strong>,<\/p><\/li><li data-start=\"995\" data-end=\"1067\"><p data-start=\"997\" data-end=\"1067\">et la <strong data-start=\"1003\" data-end=\"1026\">visite du P\u00e8re No\u00ebl<\/strong>, pour le plus grand plaisir des enfants.<\/p><\/li><\/ul><p data-start=\"1069\" data-end=\"1108\">Pour participer, les clubs devaient :<\/p><ul data-start=\"1109\" data-end=\"1485\"><li data-start=\"1109\" data-end=\"1144\"><p data-start=\"1111\" data-end=\"1144\">organiser un plateau Baby-Hand,<\/p><\/li><li data-start=\"1145\" data-end=\"1181\"><p data-start=\"1147\" data-end=\"1181\">inviter <strong data-start=\"1155\" data-end=\"1178\">2 \u00e0 3 clubs voisins<\/strong>,<\/p><\/li><li data-start=\"1182\" data-end=\"1239\"><p data-start=\"1184\" data-end=\"1239\">mettre en place la s\u00e9ance <strong data-start=\"1210\" data-end=\"1236\">\u00ab Handy pr\u00e9pare No\u00ebl \u00bb<\/strong>,<\/p><\/li><li data-start=\"1240\" data-end=\"1302\"><p data-start=\"1242\" data-end=\"1302\">coordonner l\u2019\u00e9v\u00e9nement avec leur <strong data-start=\"1275\" data-end=\"1299\">Comit\u00e9 D\u00e9partemental<\/strong>,<\/p><\/li><li data-start=\"1303\" data-end=\"1485\"><p data-start=\"1305\" data-end=\"1485\">publier une <strong data-start=\"1317\" data-end=\"1349\">photo ou une vid\u00e9o le jour J<\/strong> sur Facebook ou Instagram dans le cadre du <strong data-start=\"1393\" data-end=\"1429\">Challenge Baby avec le P\u00e8re No\u00ebl<\/strong>, en identifiant <strong data-start=\"1446\" data-end=\"1484\">@Ligue Nouvelle-Aquitaine Handball<\/strong>.<\/p><\/li><\/ul><div><p data-start=\"1487\" data-end=\"1508\"><strong><span style=\"font-size: 23px;\">Le Challenge Baby<\/span><\/strong><\/p><p data-start=\"1510\" data-end=\"1737\">Un <strong data-start=\"1513\" data-end=\"1531\">Challenge Baby<\/strong> accompagne l\u2019op\u00e9ration afin de valoriser les initiatives des clubs.<br data-start=\"1599\" data-end=\"1602\" \/>La publication Facebook ou Instagram r\u00e9coltant <strong data-start=\"1649\" data-end=\"1669\">le plus de likes<\/strong> permettra au club gagnant de remporter un <strong data-start=\"1712\" data-end=\"1736\">bon d\u2019achat mat\u00e9riel<\/strong>.<\/p><p data-start=\"1739\" data-end=\"1777\"><strong><span style=\"font-size: 23px;\">Les clubs engag\u00e9s dans l\u2019op\u00e9ration<\/span><\/strong><\/p><p data-start=\"1779\" data-end=\"1888\">De nombreux clubs de Nouvelle-Aquitaine se sont mobilis\u00e9s pour faire vivre la magie de No\u00ebl aux plus jeunes :<\/p><ul data-start=\"1890\" data-end=\"2519\"><li data-start=\"1890\" data-end=\"1909\"><p data-start=\"1892\" data-end=\"1909\">AS Ambar\u00e9sienne<\/p><\/li><li data-start=\"1910\" data-end=\"1934\"><p data-start=\"1912\" data-end=\"1934\">HBC Saint-Symphorien<\/p><\/li><li data-start=\"1935\" data-end=\"1957\"><p data-start=\"1937\" data-end=\"1957\">Entente Barzunaise<\/p><\/li><li data-start=\"1958\" data-end=\"1971\"><p data-start=\"1960\" data-end=\"1971\">Comit\u00e9 87<\/p><\/li><li data-start=\"1972\" data-end=\"1991\"><p data-start=\"1974\" data-end=\"1991\">ASLPHL Handball<\/p><\/li><li data-start=\"1992\" data-end=\"2020\"><p data-start=\"1994\" data-end=\"2020\">Haute Saintonge Handball<\/p><\/li><li data-start=\"2021\" data-end=\"2061\"><p data-start=\"2023\" data-end=\"2061\">Auberoche Isle Manoire Handball Club<\/p><\/li><li data-start=\"2062\" data-end=\"2069\"><p data-start=\"2064\" data-end=\"2069\">HBE<\/p><\/li><li data-start=\"2070\" data-end=\"2099\"><p data-start=\"2072\" data-end=\"2099\">CM Floirac Cenon Handball<\/p><\/li><li data-start=\"2100\" data-end=\"2108\"><p data-start=\"2102\" data-end=\"2108\">PE2M<\/p><\/li><li data-start=\"2109\" data-end=\"2129\"><p data-start=\"2111\" data-end=\"2129\">AL Agen Handball<\/p><\/li><li data-start=\"2130\" data-end=\"2157\"><p data-start=\"2132\" data-end=\"2157\">SAM Handball Moncoutant<\/p><\/li><li data-start=\"2158\" data-end=\"2169\"><p data-start=\"2160\" data-end=\"2169\">Mothais<\/p><\/li><li data-start=\"2170\" data-end=\"2197\"><p data-start=\"2172\" data-end=\"2197\">Handball Vivonne Iteuil<\/p><\/li><li data-start=\"2198\" data-end=\"2216\"><p data-start=\"2200\" data-end=\"2216\">Buros Handball<\/p><\/li><li data-start=\"2217\" data-end=\"2238\"><p data-start=\"2219\" data-end=\"2238\">Handball Club Gan<\/p><\/li><li data-start=\"2239\" data-end=\"2266\"><p data-start=\"2241\" data-end=\"2266\">Niort Handball Souch\u00e9en<\/p><\/li><li data-start=\"2267\" data-end=\"2283\"><p data-start=\"2269\" data-end=\"2283\">BEC Handball<\/p><\/li><li data-start=\"2284\" data-end=\"2312\"><p data-start=\"2286\" data-end=\"2312\">US Mios Biganos Handball<\/p><\/li><li data-start=\"2313\" data-end=\"2330\"><p data-start=\"2315\" data-end=\"2330\">Izon Handball<\/p><\/li><li data-start=\"2331\" data-end=\"2348\"><p data-start=\"2333\" data-end=\"2348\">ASHB Brannais<\/p><\/li><li data-start=\"2349\" data-end=\"2367\"><p data-start=\"2351\" data-end=\"2367\">Aunis Handball<\/p><\/li><li data-start=\"2368\" data-end=\"2406\"><p data-start=\"2370\" data-end=\"2406\">Saint-Yrieix-sur-Charente Handball<\/p><\/li><li data-start=\"2407\" data-end=\"2440\"><p data-start=\"2409\" data-end=\"2440\">Handball Olympic Pons G\u00e9mozac<\/p><\/li><li data-start=\"2441\" data-end=\"2465\"><p data-start=\"2443\" data-end=\"2465\">FCS Uzerche Handball<\/p><\/li><li data-start=\"2466\" data-end=\"2484\"><p data-start=\"2468\" data-end=\"2484\">M\u00e9doc Handball<\/p><\/li><li data-start=\"2485\" data-end=\"2519\"><p data-start=\"2487\" data-end=\"2519\">Biscarrosse Olympique Handball<\/p><\/li><\/ul><p data-start=\"2521\" data-end=\"2699\">La Ligue Nouvelle-Aquitaine de Handball f\u00e9licite l\u2019ensemble des clubs pour leur <strong data-start=\"2604\" data-end=\"2641\">engagement en faveur du Baby-Hand<\/strong> et du d\u00e9veloppement de la pratique d\u00e8s le plus jeune \u00e2ge.<\/p><\/div>\t\t\t\t\t\t\t\t<\/div>\n\t\t\t\t<\/div>\n\t\t\t\t<\/div>\n\t\t\t\t\t<\/div>\n\t\t\t\t<\/div>\n\t\t\t\t<\/div>\n\t\t","protected":false},"excerpt":{"rendered":"<p>Le No\u00ebl des Baby : une mobilisation r\u00e9gionale autour du Baby-Hand Dans [&hellip;]<\/p>\n","protected":false},"author":2,"featured_media":0,"parent":0,"menu_order":0,"comment_status":"closed","ping_status":"closed","template":"","meta":{"footnotes":""},"class_list":["post-11306","page","type-page","status-publish","hentry"],"yoast_head":"<!-- This site is optimized with the Yoast SEO plugin v27.4 - https:\/\/yoast.com\/product\/yoast-seo-wordpress\/ -->\n<title>Article - No\u00ebl des Babys - LIGUE NOUVELLE AQUITAINE<\/title>\n<meta name=\"robots\" content=\"index, follow, max-snippet:-1, max-image-preview:large, max-video-preview:-1\" \/>\n<link rel=\"canonical\" href=\"https:\/\/nouvelleaquitaine-handball.org\/index.php\/noeldesbabys\/\" \/>\n<meta property=\"og:locale\" content=\"fr_FR\" \/>\n<meta property=\"og:type\" content=\"article\" \/>\n<meta property=\"og:title\" content=\"Article - No\u00ebl des Babys - LIGUE NOUVELLE AQUITAINE\" \/>\n<meta property=\"og:description\" content=\"Le No\u00ebl des Baby : une mobilisation r\u00e9gionale autour du Baby-Hand Dans [&hellip;]\" \/>\n<meta property=\"og:url\" content=\"https:\/\/nouvelleaquitaine-handball.org\/index.php\/noeldesbabys\/\" \/>\n<meta property=\"og:site_name\" content=\"LIGUE NOUVELLE AQUITAINE\" \/>\n<meta property=\"article:modified_time\" content=\"2025-12-18T09:33:45+00:00\" \/>\n<meta name=\"twitter:card\" content=\"summary_large_image\" \/>\n<meta name=\"twitter:label1\" content=\"Dur\u00e9e de lecture estim\u00e9e\" \/>\n\t<meta name=\"twitter:data1\" content=\"2 minutes\" \/>\n<script type=\"application\/ld+json\" class=\"yoast-schema-graph\">{\"@context\":\"https:\\\/\\\/schema.org\",\"@graph\":[{\"@type\":\"WebPage\",\"@id\":\"https:\\\/\\\/nouvelleaquitaine-handball.org\\\/index.php\\\/noeldesbabys\\\/\",\"url\":\"https:\\\/\\\/nouvelleaquitaine-handball.org\\\/index.php\\\/noeldesbabys\\\/\",\"name\":\"Article - No\u00ebl des Babys - LIGUE NOUVELLE AQUITAINE\",\"isPartOf\":{\"@id\":\"https:\\\/\\\/nouvelleaquitaine-handball.org\\\/#website\"},\"datePublished\":\"2025-12-18T09:20:28+00:00\",\"dateModified\":\"2025-12-18T09:33:45+00:00\",\"breadcrumb\":{\"@id\":\"https:\\\/\\\/nouvelleaquitaine-handball.org\\\/index.php\\\/noeldesbabys\\\/#breadcrumb\"},\"inLanguage\":\"fr-FR\",\"potentialAction\":[{\"@type\":\"ReadAction\",\"target\":[\"https:\\\/\\\/nouvelleaquitaine-handball.org\\\/index.php\\\/noeldesbabys\\\/\"]}]},{\"@type\":\"BreadcrumbList\",\"@id\":\"https:\\\/\\\/nouvelleaquitaine-handball.org\\\/index.php\\\/noeldesbabys\\\/#breadcrumb\",\"itemListElement\":[{\"@type\":\"ListItem\",\"position\":1,\"name\":\"Accueil\",\"item\":\"https:\\\/\\\/nouvelleaquitaine-handball.org\\\/\"},{\"@type\":\"ListItem\",\"position\":2,\"name\":\"Article &#8211; No\u00ebl des Babys\"}]},{\"@type\":\"WebSite\",\"@id\":\"https:\\\/\\\/nouvelleaquitaine-handball.org\\\/#website\",\"url\":\"https:\\\/\\\/nouvelleaquitaine-handball.org\\\/\",\"name\":\"LIGUE NOUVELLE AQUITAINE\",\"description\":\"FFHANDBALL\",\"potentialAction\":[{\"@type\":\"SearchAction\",\"target\":{\"@type\":\"EntryPoint\",\"urlTemplate\":\"https:\\\/\\\/nouvelleaquitaine-handball.org\\\/?s={search_term_string}\"},\"query-input\":{\"@type\":\"PropertyValueSpecification\",\"valueRequired\":true,\"valueName\":\"search_term_string\"}}],\"inLanguage\":\"fr-FR\"}]}<\/script>\n<!-- \/ Yoast SEO plugin. -->","yoast_head_json":{"title":"Article - No\u00ebl des Babys - LIGUE NOUVELLE AQUITAINE","robots":{"index":"index","follow":"follow","max-snippet":"max-snippet:-1","max-image-preview":"max-image-preview:large","max-video-preview":"max-video-preview:-1"},"canonical":"https:\/\/nouvelleaquitaine-handball.org\/index.php\/noeldesbabys\/","og_locale":"fr_FR","og_type":"article","og_title":"Article - No\u00ebl des Babys - LIGUE NOUVELLE AQUITAINE","og_description":"Le No\u00ebl des Baby : une mobilisation r\u00e9gionale autour du Baby-Hand Dans [&hellip;]","og_url":"https:\/\/nouvelleaquitaine-handball.org\/index.php\/noeldesbabys\/","og_site_name":"LIGUE NOUVELLE AQUITAINE","article_modified_time":"2025-12-18T09:33:45+00:00","twitter_card":"summary_large_image","twitter_misc":{"Dur\u00e9e de lecture estim\u00e9e":"2 minutes"},"schema":{"@context":"https:\/\/schema.org","@graph":[{"@type":"WebPage","@id":"https:\/\/nouvelleaquitaine-handball.org\/index.php\/noeldesbabys\/","url":"https:\/\/nouvelleaquitaine-handball.org\/index.php\/noeldesbabys\/","name":"Article - No\u00ebl des Babys - LIGUE NOUVELLE AQUITAINE","isPartOf":{"@id":"https:\/\/nouvelleaquitaine-handball.org\/#website"},"datePublished":"2025-12-18T09:20:28+00:00","dateModified":"2025-12-18T09:33:45+00:00","breadcrumb":{"@id":"https:\/\/nouvelleaquitaine-handball.org\/index.php\/noeldesbabys\/#breadcrumb"},"inLanguage":"fr-FR","potentialAction":[{"@type":"ReadAction","target":["https:\/\/nouvelleaquitaine-handball.org\/index.php\/noeldesbabys\/"]}]},{"@type":"BreadcrumbList","@id":"https:\/\/nouvelleaquitaine-handball.org\/index.php\/noeldesbabys\/#breadcrumb","itemListElement":[{"@type":"ListItem","position":1,"name":"Accueil","item":"https:\/\/nouvelleaquitaine-handball.org\/"},{"@type":"ListItem","position":2,"name":"Article &#8211; No\u00ebl des Babys"}]},{"@type":"WebSite","@id":"https:\/\/nouvelleaquitaine-handball.org\/#website","url":"https:\/\/nouvelleaquitaine-handball.org\/","name":"LIGUE NOUVELLE AQUITAINE","description":"FFHANDBALL","potentialAction":[{"@type":"SearchAction","target":{"@type":"EntryPoint","urlTemplate":"https:\/\/nouvelleaquitaine-handball.org\/?s={search_term_string}"},"query-input":{"@type":"PropertyValueSpecification","valueRequired":true,"valueName":"search_term_string"}}],"inLanguage":"fr-FR"}]}},"jetpack_sharing_enabled":true,"_links":{"self":[{"href":"https:\/\/nouvelleaquitaine-handball.org\/index.php\/wp-json\/wp\/v2\/pages\/11306","targetHints":{"allow":["GET"]}}],"collection":[{"href":"https:\/\/nouvelleaquitaine-handball.org\/index.php\/wp-json\/wp\/v2\/pages"}],"about":[{"href":"https:\/\/nouvelleaquitaine-handball.org\/index.php\/wp-json\/wp\/v2\/types\/page"}],"author":[{"embeddable":true,"href":"https:\/\/nouvelleaquitaine-handball.org\/index.php\/wp-json\/wp\/v2\/users\/2"}],"replies":[{"embeddable":true,"href":"https:\/\/nouvelleaquitaine-handball.org\/index.php\/wp-json\/wp\/v2\/comments?post=11306"}],"version-history":[{"count":9,"href":"https:\/\/nouvelleaquitaine-handball.org\/index.php\/wp-json\/wp\/v2\/pages\/11306\/revisions"}],"predecessor-version":[{"id":11318,"href":"https:\/\/nouvelleaquitaine-handball.org\/index.php\/wp-json\/wp\/v2\/pages\/11306\/revisions\/11318"}],"wp:attachment":[{"href":"https:\/\/nouvelleaquitaine-handball.org\/index.php\/wp-json\/wp\/v2\/media?parent=11306"}],"curies":[{"name":"wp","href":"https:\/\/api.w.org\/{rel}","templated":true}]}}