{"id":9988,"date":"2025-04-29T15:27:07","date_gmt":"2025-04-29T13:27:07","guid":{"rendered":"https:\/\/nouvelleaquitaine-handball.org\/?page_id=9988"},"modified":"2025-04-29T15:32:57","modified_gmt":"2025-04-29T13:32:57","slug":"article-finale-cdf","status":"publish","type":"page","link":"https:\/\/nouvelleaquitaine-handball.org\/index.php\/article-finale-cdf\/","title":{"rendered":"Article &#8211; Finale CDF"},"content":{"rendered":"\t\t<div data-elementor-type=\"wp-page\" data-elementor-id=\"9988\" class=\"elementor elementor-9988\" data-elementor-post-type=\"page\">\n\t\t\t\t<div class=\"elementor-element elementor-element-20b4228 e-flex e-con-boxed e-con e-parent\" data-id=\"20b4228\" data-element_type=\"container\" data-e-type=\"container\" data-settings=\"{&quot;_ob_use_container_extras&quot;:&quot;no&quot;,&quot;_ob_column_hoveranimator&quot;:&quot;no&quot;,&quot;_ob_glider_is_slider&quot;:&quot;no&quot;,&quot;_ob_column_has_pseudo&quot;:&quot;no&quot;}\">\n\t\t\t\t\t<div class=\"e-con-inner\">\n\t\t<div class=\"elementor-element elementor-element-5a56dab e-con-full e-flex e-con e-child\" data-id=\"5a56dab\" data-element_type=\"container\" data-e-type=\"container\" data-settings=\"{&quot;_ob_use_container_extras&quot;:&quot;no&quot;,&quot;_ob_column_hoveranimator&quot;:&quot;no&quot;,&quot;_ob_glider_is_slider&quot;:&quot;no&quot;,&quot;_ob_column_has_pseudo&quot;:&quot;no&quot;}\">\n\t\t<div class=\"elementor-element elementor-element-b642ab9 e-con-full e-flex e-con e-child\" data-id=\"b642ab9\" data-element_type=\"container\" data-e-type=\"container\" data-settings=\"{&quot;_ob_use_container_extras&quot;:&quot;no&quot;,&quot;_ob_column_hoveranimator&quot;:&quot;no&quot;,&quot;_ob_glider_is_slider&quot;:&quot;no&quot;,&quot;_ob_column_has_pseudo&quot;:&quot;no&quot;}\">\n\t\t\t\t<div class=\"elementor-element elementor-element-a2b2e49 ob-has-background-overlay elementor-widget elementor-widget-spacer\" data-id=\"a2b2e49\" data-element_type=\"widget\" data-e-type=\"widget\" data-settings=\"{&quot;_ob_spacerat_use&quot;:&quot;no&quot;,&quot;_ob_widget_stalker_use&quot;:&quot;no&quot;,&quot;_ob_poopart_use&quot;:&quot;yes&quot;,&quot;_ob_shadough_use&quot;:&quot;no&quot;,&quot;_ob_allow_hoveranimator&quot;:&quot;no&quot;}\" data-widget_type=\"spacer.default\">\n\t\t\t\t<div class=\"elementor-widget-container\">\n\t\t\t\t\t\t\t<div class=\"elementor-spacer\">\n\t\t\t<div class=\"elementor-spacer-inner\"><\/div>\n\t\t<\/div>\n\t\t\t\t\t\t<\/div>\n\t\t\t\t<\/div>\n\t\t\t\t<div class=\"elementor-element elementor-element-5eda2a9 ob-harakiri-inherit ob-has-background-overlay elementor-widget elementor-widget-heading\" data-id=\"5eda2a9\" data-element_type=\"widget\" data-e-type=\"widget\" data-settings=\"{&quot;_ob_use_harakiri&quot;:&quot;yes&quot;,&quot;_ob_harakiri_writing_mode&quot;:&quot;inherit&quot;,&quot;_ob_harakiri_text_clip&quot;:&quot;none&quot;,&quot;_ob_widget_stalker_use&quot;:&quot;no&quot;,&quot;_ob_poopart_use&quot;:&quot;yes&quot;,&quot;_ob_shadough_use&quot;:&quot;no&quot;,&quot;_ob_allow_hoveranimator&quot;:&quot;no&quot;}\" data-widget_type=\"heading.default\">\n\t\t\t\t<div class=\"elementor-widget-container\">\n\t\t\t\t\t<h2 class=\"elementor-heading-title elementor-size-default\"><p data-start=\"0\" data-end=\"79\"><strong data-start=\"0\" data-end=\"79\">CAP SUR BERCY POUR NOS 2 CLUBS NEO-AQUITAINS EN COUPE DE FRANCE !<\/strong><\/p><\/h2>\t\t\t\t<\/div>\n\t\t\t\t<\/div>\n\t\t\t\t<div class=\"elementor-element elementor-element-348af39 elementor-widget-divider--view-line ob-has-background-overlay elementor-widget elementor-widget-divider\" data-id=\"348af39\" data-element_type=\"widget\" data-e-type=\"widget\" data-settings=\"{&quot;_ob_widget_stalker_use&quot;:&quot;no&quot;,&quot;_ob_poopart_use&quot;:&quot;yes&quot;,&quot;_ob_shadough_use&quot;:&quot;no&quot;,&quot;_ob_allow_hoveranimator&quot;:&quot;no&quot;}\" data-widget_type=\"divider.default\">\n\t\t\t\t<div class=\"elementor-widget-container\">\n\t\t\t\t\t\t\t<div class=\"elementor-divider\">\n\t\t\t<span class=\"elementor-divider-separator\">\n\t\t\t\t\t\t<\/span>\n\t\t<\/div>\n\t\t\t\t\t\t<\/div>\n\t\t\t\t<\/div>\n\t\t\t\t<div class=\"elementor-element elementor-element-679c161 ob-harakiri-inherit ob-has-background-overlay elementor-widget elementor-widget-text-editor\" data-id=\"679c161\" data-element_type=\"widget\" data-e-type=\"widget\" data-settings=\"{&quot;_ob_use_harakiri&quot;:&quot;yes&quot;,&quot;_ob_harakiri_writing_mode&quot;:&quot;inherit&quot;,&quot;_ob_postman_use&quot;:&quot;no&quot;,&quot;_ob_widget_stalker_use&quot;:&quot;no&quot;,&quot;_ob_poopart_use&quot;:&quot;yes&quot;,&quot;_ob_shadough_use&quot;:&quot;no&quot;,&quot;_ob_allow_hoveranimator&quot;:&quot;no&quot;}\" data-widget_type=\"text-editor.default\">\n\t\t\t\t<div class=\"elementor-widget-container\">\n\t\t\t\t\t\t\t\t\t<p class=\"\" data-start=\"535\" data-end=\"930\">Dimanche dernier, les joueurs de la JA Isle ont v\u00e9cu une journ\u00e9e inoubliable. Oppos\u00e9s en quart de finale \u00e0 Valenciennes, les Islois se sont impos\u00e9s dans un match serr\u00e9 (22-20), avant de livrer une demi-finale haletante face au RACC Nantes. Apr\u00e8s un score de parit\u00e9 (22-22) \u00e0 l\u2019issue du temps r\u00e9glementaire, c\u2019est aux jets de 7 m\u00e8tres que la JA Isle a valid\u00e9 sa place en finale (26-23).<\/p><p class=\"\" data-start=\"932\" data-end=\"1027\">Julie Salles, co-entra\u00eeneure aux c\u00f4t\u00e9s d\u2019Anthony Zborala, r\u00e9sume cette performance d\u2019un mot : <strong><em data-start=\"1030\" data-end=\"1122\">&#8220;C\u2019est g\u00e9nial, c\u2019est historique. C\u2019est l\u2019aboutissement de notre saison et de nos projets.&#8221;<\/em><\/strong><\/p><p class=\"\" data-start=\"1124\" data-end=\"1221\">La finale les opposera \u00e0 Saint-Genis Laval AL Handball, le dimanche 18 mai \u00e0 Paris-Bercy.<\/p><p data-start=\"1228\" data-end=\"1296\"><strong>Aunis Handball : les Rochelaises \u00e0 l\u2019assaut de l\u2019Accor Arena<\/strong><\/p><p class=\"\" data-start=\"1298\" data-end=\"1583\">Les filles de l\u2019Aunis Handball La Rochelle P\u00e9rigny, pensionnaires de Nationale 3, se sont \u00e9galement qualifi\u00e9es pour la grande finale r\u00e9gionale de la Coupe de France f\u00e9minine. Elles affronteront Pagny, le samedi 17 mai \u00e0 15h, dans une ambiance qui s\u2019annonce d\u00e9j\u00e0 \u00e9lectrique.<\/p><p class=\"\" data-start=\"1585\" data-end=\"1649\">Le club met tout en \u0153uvre pour que l\u2019\u00e9v\u00e9nement soit une f\u00eate :<\/p><ul data-start=\"1650\" data-end=\"1892\"><li class=\"\" data-start=\"1650\" data-end=\"1721\"><p class=\"\" data-start=\"1652\" data-end=\"1721\">D\u00e9part collectif pr\u00e9vu \u00e0 6h du matin depuis Palmilud (P\u00e9rigny),<\/p><\/li><li class=\"\" data-start=\"1722\" data-end=\"1815\"><p class=\"\" data-start=\"1724\" data-end=\"1815\">Un programme complet pour permettre aux supporters de vivre cette journ\u00e9e exceptionnelle,<\/p><\/li><li class=\"\" data-start=\"1816\" data-end=\"1892\"><p class=\"\" data-start=\"1818\" data-end=\"1892\">Et surtout, un engouement grandissant autour de cette performance in\u00e9dite.<\/p><\/li><\/ul><p data-start=\"1899\" data-end=\"1952\"><strong>Une immense fiert\u00e9 pour la Nouvelle-Aquitaine<\/strong><\/p><p class=\"\" data-start=\"1954\" data-end=\"2167\">Voir deux clubs r\u00e9gionaux fouler le parquet mythique de Bercy dans un \u00e9v\u00e9nement aussi prestigieux que la Coupe de France est une r\u00e9compense m\u00e9rit\u00e9e pour le travail, l\u2019engagement et l\u2019ambition de ces \u00e9quipes.<\/p><p class=\"\" data-start=\"2169\" data-end=\"2455\">La Ligue Nouvelle-Aquitaine de Handball tient \u00e0 f\u00e9liciter chaleureusement les joueuses, les joueurs, les staffs et les b\u00e9n\u00e9voles pour ces performances exemplaires. Vous portez haut les couleurs de notre r\u00e9gion, et nous serons tous derri\u00e8re vous pour ce week-end de finale.<\/p><p class=\"\" data-start=\"2462\" data-end=\"2497\">\u00c0 noter dans vos agendas :<\/p><ul data-start=\"2498\" data-end=\"2664\"><li class=\"\" data-start=\"2498\" data-end=\"2565\"><p class=\"\" data-start=\"2500\" data-end=\"2565\"><strong>Samedi 17 mai 2025 \u2013 15h : Finale f\u00e9minine \u2013 Aunis vs Pagny<\/strong><\/p><\/li><li class=\"\" data-start=\"2566\" data-end=\"2664\"><p class=\"\" data-start=\"2568\" data-end=\"2664\"><strong>Dimanche 18 mai 2025 \u2013 Heure \u00e0 confirmer : Finale masculine \u2013 JA Isle vs Saint-Genis Laval<\/strong><\/p><\/li><\/ul><p class=\"\" data-start=\"2666\" data-end=\"2759\">Bonne chance \u00e0 nos deux repr\u00e9sentants et rendez-vous \u00e0 Bercy pour vibrer tous ensemble !<\/p>\t\t\t\t\t\t\t\t<\/div>\n\t\t\t\t<\/div>\n\t\t\t\t<\/div>\n\t\t\t\t<\/div>\n\t\t\t\t\t<\/div>\n\t\t\t\t<\/div>\n\t\t\t\t<\/div>\n\t\t","protected":false},"excerpt":{"rendered":"<p>CAP SUR BERCY POUR NOS 2 CLUBS NEO-AQUITAINS EN COUPE DE FRANCE [&hellip;]<\/p>\n","protected":false},"author":2,"featured_media":0,"parent":0,"menu_order":0,"comment_status":"closed","ping_status":"closed","template":"","meta":{"footnotes":""},"class_list":["post-9988","page","type-page","status-publish","hentry"],"yoast_head":"<!-- This site is optimized with the Yoast SEO plugin v27.4 - https:\/\/yoast.com\/product\/yoast-seo-wordpress\/ -->\n<title>Article - Finale CDF - LIGUE NOUVELLE AQUITAINE<\/title>\n<meta name=\"robots\" content=\"index, follow, max-snippet:-1, max-image-preview:large, max-video-preview:-1\" \/>\n<link rel=\"canonical\" href=\"https:\/\/nouvelleaquitaine-handball.org\/index.php\/article-finale-cdf\/\" \/>\n<meta property=\"og:locale\" content=\"fr_FR\" \/>\n<meta property=\"og:type\" content=\"article\" \/>\n<meta property=\"og:title\" content=\"Article - Finale CDF - LIGUE NOUVELLE AQUITAINE\" \/>\n<meta property=\"og:description\" content=\"CAP SUR BERCY POUR NOS 2 CLUBS NEO-AQUITAINS EN COUPE DE FRANCE [&hellip;]\" \/>\n<meta property=\"og:url\" content=\"https:\/\/nouvelleaquitaine-handball.org\/index.php\/article-finale-cdf\/\" \/>\n<meta property=\"og:site_name\" content=\"LIGUE NOUVELLE AQUITAINE\" \/>\n<meta property=\"article:modified_time\" content=\"2025-04-29T13:32:57+00:00\" \/>\n<meta name=\"twitter:card\" content=\"summary_large_image\" \/>\n<meta name=\"twitter:label1\" content=\"Dur\u00e9e de lecture estim\u00e9e\" \/>\n\t<meta name=\"twitter:data1\" content=\"2 minutes\" \/>\n<script type=\"application\/ld+json\" class=\"yoast-schema-graph\">{\"@context\":\"https:\\\/\\\/schema.org\",\"@graph\":[{\"@type\":\"WebPage\",\"@id\":\"https:\\\/\\\/nouvelleaquitaine-handball.org\\\/index.php\\\/article-finale-cdf\\\/\",\"url\":\"https:\\\/\\\/nouvelleaquitaine-handball.org\\\/index.php\\\/article-finale-cdf\\\/\",\"name\":\"Article - Finale CDF - LIGUE NOUVELLE AQUITAINE\",\"isPartOf\":{\"@id\":\"https:\\\/\\\/nouvelleaquitaine-handball.org\\\/#website\"},\"datePublished\":\"2025-04-29T13:27:07+00:00\",\"dateModified\":\"2025-04-29T13:32:57+00:00\",\"breadcrumb\":{\"@id\":\"https:\\\/\\\/nouvelleaquitaine-handball.org\\\/index.php\\\/article-finale-cdf\\\/#breadcrumb\"},\"inLanguage\":\"fr-FR\",\"potentialAction\":[{\"@type\":\"ReadAction\",\"target\":[\"https:\\\/\\\/nouvelleaquitaine-handball.org\\\/index.php\\\/article-finale-cdf\\\/\"]}]},{\"@type\":\"BreadcrumbList\",\"@id\":\"https:\\\/\\\/nouvelleaquitaine-handball.org\\\/index.php\\\/article-finale-cdf\\\/#breadcrumb\",\"itemListElement\":[{\"@type\":\"ListItem\",\"position\":1,\"name\":\"Accueil\",\"item\":\"https:\\\/\\\/nouvelleaquitaine-handball.org\\\/\"},{\"@type\":\"ListItem\",\"position\":2,\"name\":\"Article &#8211; Finale CDF\"}]},{\"@type\":\"WebSite\",\"@id\":\"https:\\\/\\\/nouvelleaquitaine-handball.org\\\/#website\",\"url\":\"https:\\\/\\\/nouvelleaquitaine-handball.org\\\/\",\"name\":\"LIGUE NOUVELLE AQUITAINE\",\"description\":\"FFHANDBALL\",\"potentialAction\":[{\"@type\":\"SearchAction\",\"target\":{\"@type\":\"EntryPoint\",\"urlTemplate\":\"https:\\\/\\\/nouvelleaquitaine-handball.org\\\/?s={search_term_string}\"},\"query-input\":{\"@type\":\"PropertyValueSpecification\",\"valueRequired\":true,\"valueName\":\"search_term_string\"}}],\"inLanguage\":\"fr-FR\"}]}<\/script>\n<!-- \/ Yoast SEO plugin. -->","yoast_head_json":{"title":"Article - Finale CDF - LIGUE NOUVELLE AQUITAINE","robots":{"index":"index","follow":"follow","max-snippet":"max-snippet:-1","max-image-preview":"max-image-preview:large","max-video-preview":"max-video-preview:-1"},"canonical":"https:\/\/nouvelleaquitaine-handball.org\/index.php\/article-finale-cdf\/","og_locale":"fr_FR","og_type":"article","og_title":"Article - Finale CDF - LIGUE NOUVELLE AQUITAINE","og_description":"CAP SUR BERCY POUR NOS 2 CLUBS NEO-AQUITAINS EN COUPE DE FRANCE [&hellip;]","og_url":"https:\/\/nouvelleaquitaine-handball.org\/index.php\/article-finale-cdf\/","og_site_name":"LIGUE NOUVELLE AQUITAINE","article_modified_time":"2025-04-29T13:32:57+00:00","twitter_card":"summary_large_image","twitter_misc":{"Dur\u00e9e de lecture estim\u00e9e":"2 minutes"},"schema":{"@context":"https:\/\/schema.org","@graph":[{"@type":"WebPage","@id":"https:\/\/nouvelleaquitaine-handball.org\/index.php\/article-finale-cdf\/","url":"https:\/\/nouvelleaquitaine-handball.org\/index.php\/article-finale-cdf\/","name":"Article - Finale CDF - LIGUE NOUVELLE AQUITAINE","isPartOf":{"@id":"https:\/\/nouvelleaquitaine-handball.org\/#website"},"datePublished":"2025-04-29T13:27:07+00:00","dateModified":"2025-04-29T13:32:57+00:00","breadcrumb":{"@id":"https:\/\/nouvelleaquitaine-handball.org\/index.php\/article-finale-cdf\/#breadcrumb"},"inLanguage":"fr-FR","potentialAction":[{"@type":"ReadAction","target":["https:\/\/nouvelleaquitaine-handball.org\/index.php\/article-finale-cdf\/"]}]},{"@type":"BreadcrumbList","@id":"https:\/\/nouvelleaquitaine-handball.org\/index.php\/article-finale-cdf\/#breadcrumb","itemListElement":[{"@type":"ListItem","position":1,"name":"Accueil","item":"https:\/\/nouvelleaquitaine-handball.org\/"},{"@type":"ListItem","position":2,"name":"Article &#8211; Finale CDF"}]},{"@type":"WebSite","@id":"https:\/\/nouvelleaquitaine-handball.org\/#website","url":"https:\/\/nouvelleaquitaine-handball.org\/","name":"LIGUE NOUVELLE AQUITAINE","description":"FFHANDBALL","potentialAction":[{"@type":"SearchAction","target":{"@type":"EntryPoint","urlTemplate":"https:\/\/nouvelleaquitaine-handball.org\/?s={search_term_string}"},"query-input":{"@type":"PropertyValueSpecification","valueRequired":true,"valueName":"search_term_string"}}],"inLanguage":"fr-FR"}]}},"jetpack_sharing_enabled":true,"_links":{"self":[{"href":"https:\/\/nouvelleaquitaine-handball.org\/index.php\/wp-json\/wp\/v2\/pages\/9988","targetHints":{"allow":["GET"]}}],"collection":[{"href":"https:\/\/nouvelleaquitaine-handball.org\/index.php\/wp-json\/wp\/v2\/pages"}],"about":[{"href":"https:\/\/nouvelleaquitaine-handball.org\/index.php\/wp-json\/wp\/v2\/types\/page"}],"author":[{"embeddable":true,"href":"https:\/\/nouvelleaquitaine-handball.org\/index.php\/wp-json\/wp\/v2\/users\/2"}],"replies":[{"embeddable":true,"href":"https:\/\/nouvelleaquitaine-handball.org\/index.php\/wp-json\/wp\/v2\/comments?post=9988"}],"version-history":[{"count":7,"href":"https:\/\/nouvelleaquitaine-handball.org\/index.php\/wp-json\/wp\/v2\/pages\/9988\/revisions"}],"predecessor-version":[{"id":10007,"href":"https:\/\/nouvelleaquitaine-handball.org\/index.php\/wp-json\/wp\/v2\/pages\/9988\/revisions\/10007"}],"wp:attachment":[{"href":"https:\/\/nouvelleaquitaine-handball.org\/index.php\/wp-json\/wp\/v2\/media?parent=9988"}],"curies":[{"name":"wp","href":"https:\/\/api.w.org\/{rel}","templated":true}]}}